[INFO] cloning repository https://github.com/jonykalavera/kleio
[INFO] running `Command { std: "git" "-c" "credential.helper=" "-c" "credential.helper=/workspace/cargo-home/bin/git-credential-null" "clone" "--bare" "https://github.com/jonykalavera/kleio" "/workspace/cache/git-repos/https%3A%2F%2Fgithub.com%2Fjonykalavera%2Fkleio", kill_on_drop: false }`
[INFO] [stderr] Cloning into bare repository '/workspace/cache/git-repos/https%3A%2F%2Fgithub.com%2Fjonykalavera%2Fkleio'...
[INFO] running `Command { std: "git" "rev-parse" "HEAD", kill_on_drop: false }`
[INFO] [stdout] feb2eb0b4feeb986c33234fdf30040f0560897f4
[INFO] building jonykalavera/kleio against master#881c1ac408d93bb7adaa3a51dabab9266e82eee8 for issue-85264
[INFO] running `Command { std: "git" "clone" "/workspace/cache/git-repos/https%3A%2F%2Fgithub.com%2Fjonykalavera%2Fkleio" "/workspace/builds/worker-0/source", kill_on_drop: false }`
[INFO] [stderr] Cloning into '/workspace/builds/worker-0/source'...
[INFO] [stderr] done.
[INFO] validating manifest of git repo https://github.com/jonykalavera/kleio on toolchain 881c1ac408d93bb7adaa3a51dabab9266e82eee8
[INFO] running `Command { std: "/workspace/cargo-home/bin/cargo" "+881c1ac408d93bb7adaa3a51dabab9266e82eee8" "metadata" "--manifest-path" "Cargo.toml" "--no-deps", kill_on_drop: false }`
[INFO] started tweaking git repo https://github.com/jonykalavera/kleio
[INFO] finished tweaking git repo https://github.com/jonykalavera/kleio
[INFO] tweaked toml for git repo https://github.com/jonykalavera/kleio written to /workspace/builds/worker-0/source/Cargo.toml
[INFO] crate git repo https://github.com/jonykalavera/kleio already has a lockfile, it will not be regenerated
[INFO] running `Command { std: "/workspace/cargo-home/bin/cargo" "+881c1ac408d93bb7adaa3a51dabab9266e82eee8" "fetch" "--manifest-path" "Cargo.toml", kill_on_drop: false }`
[INFO] [stderr]     Updating crates.io index
[INFO] [stderr]  Downloading crates ...
[INFO] [stderr]   Downloaded rocket_contrib_codegen v0.4.10
[INFO] [stderr]   Downloaded semver-parser v0.6.2
[INFO] [stderr]   Downloaded notify v4.0.17
[INFO] [stderr]   Downloaded redis v0.9.1
[INFO] [stderr]   Downloaded rocket_codegen v0.4.6
[INFO] [stderr]   Downloaded r2d2_redis v0.8.0
[INFO] [stderr]   Downloaded rocket v0.4.6
[INFO] [stderr]   Downloaded rocket_contrib v0.4.6
[INFO] [stderr]   Downloaded semver v0.5.1
[INFO] [stderr]   Downloaded rocket_http v0.4.6
[INFO] [stderr]   Downloaded rusted_cypher v1.1.0
[INFO] [stderr]   Downloaded r2d2_cypher v0.4.0
[INFO] running `Command { std: "docker" "create" "-v" "/var/lib/crater-agent-workspace/builds/worker-0/target:/opt/rustwide/target:rw,Z" "-v" "/var/lib/crater-agent-workspace/builds/worker-0/source:/opt/rustwide/workdir:ro,Z" "-v" "/var/lib/crater-agent-workspace/cargo-home:/opt/rustwide/cargo-home:ro,Z" "-v" "/var/lib/crater-agent-workspace/rustup-home:/opt/rustwide/rustup-home:ro,Z" "-e" "SOURCE_DIR=/opt/rustwide/workdir" "-e" "CARGO_TARGET_DIR=/opt/rustwide/target" "-e" "CARGO_HOME=/opt/rustwide/cargo-home" "-e" "RUSTUP_HOME=/opt/rustwide/rustup-home" "-w" "/opt/rustwide/workdir" "-m" "1610612736" "--user" "0:0" "--network" "none" "ghcr.io/rust-lang/crates-build-env/linux@sha256:20528e8c29e4536546f0102ce88568b16ea7538393a33fcca951030f7af10457" "/opt/rustwide/cargo-home/bin/cargo" "+881c1ac408d93bb7adaa3a51dabab9266e82eee8" "metadata" "--no-deps" "--format-version=1", kill_on_drop: false }`
[INFO] [stdout] 6c7bc85652dd472d0fd961cb6a76cd5fa506610e65fd4b938e563a4d0c5fca77
[INFO] [stderr] WARNING: Your kernel does not support swap limit capabilities or the cgroup is not mounted. Memory limited without swap.
[INFO] running `Command { std: "docker" "start" "-a" "6c7bc85652dd472d0fd961cb6a76cd5fa506610e65fd4b938e563a4d0c5fca77", kill_on_drop: false }`
[INFO] running `Command { std: "docker" "inspect" "6c7bc85652dd472d0fd961cb6a76cd5fa506610e65fd4b938e563a4d0c5fca77", kill_on_drop: false }`
[INFO] running `Command { std: "docker" "rm" "-f" "6c7bc85652dd472d0fd961cb6a76cd5fa506610e65fd4b938e563a4d0c5fca77", kill_on_drop: false }`
[INFO] [stdout] 6c7bc85652dd472d0fd961cb6a76cd5fa506610e65fd4b938e563a4d0c5fca77
[INFO] running `Command { std: "docker" "create" "-v" "/var/lib/crater-agent-workspace/builds/worker-0/target:/opt/rustwide/target:rw,Z" "-v" "/var/lib/crater-agent-workspace/builds/worker-0/source:/opt/rustwide/workdir:ro,Z" "-v" "/var/lib/crater-agent-workspace/cargo-home:/opt/rustwide/cargo-home:ro,Z" "-v" "/var/lib/crater-agent-workspace/rustup-home:/opt/rustwide/rustup-home:ro,Z" "-e" "SOURCE_DIR=/opt/rustwide/workdir" "-e" "CARGO_TARGET_DIR=/opt/rustwide/target" "-e" "CARGO_INCREMENTAL=0" "-e" "RUST_BACKTRACE=full" "-e" "RUSTFLAGS=--cap-lints=forbid" "-e" "CARGO_HOME=/opt/rustwide/cargo-home" "-e" "RUSTUP_HOME=/opt/rustwide/rustup-home" "-w" "/opt/rustwide/workdir" "-m" "1610612736" "--user" "0:0" "--network" "none" "ghcr.io/rust-lang/crates-build-env/linux@sha256:20528e8c29e4536546f0102ce88568b16ea7538393a33fcca951030f7af10457" "/opt/rustwide/cargo-home/bin/cargo" "+881c1ac408d93bb7adaa3a51dabab9266e82eee8" "build" "--frozen" "--message-format=json", kill_on_drop: false }`
[INFO] [stdout] 60c98a479af9a993819f1c1f0280b5fa4039125a1b24bde8d580b60f0a602843
[INFO] [stderr] WARNING: Your kernel does not support swap limit capabilities or the cgroup is not mounted. Memory limited without swap.
[INFO] running `Command { std: "docker" "start" "-a" "60c98a479af9a993819f1c1f0280b5fa4039125a1b24bde8d580b60f0a602843", kill_on_drop: false }`
[INFO] [stderr]    Compiling cfg-if v0.1.10
[INFO] [stderr]    Compiling typenum v1.12.0
[INFO] [stderr]    Compiling log v0.4.11
[INFO] [stderr]    Compiling yansi v0.5.0
[INFO] [stderr]    Compiling autocfg v1.0.1
[INFO] [stderr]    Compiling version_check v0.9.2
[INFO] [stderr]    Compiling semver-parser v0.7.0
[INFO] [stderr]    Compiling tinyvec_macros v0.1.0
[INFO] [stderr]    Compiling scopeguard v1.1.0
[INFO] [stderr]    Compiling matches v0.1.8
[INFO] [stderr]    Compiling bitflags v1.2.1
[INFO] [stderr]    Compiling winapi-build v0.1.1
[INFO] [stderr]    Compiling cfg-if v1.0.0
[INFO] [stderr]    Compiling percent-encoding v1.0.1
[INFO] [stderr]    Compiling smallvec v1.6.1
[INFO] [stderr]    Compiling version_check v0.1.5
[INFO] [stderr]    Compiling maybe-uninit v2.0.0
[INFO] [stderr]    Compiling getrandom v0.1.15
[INFO] [stderr]    Compiling subtle v2.3.0
[INFO] [stderr]    Compiling futures v0.1.31
[INFO] [stderr]    Compiling opaque-debug v0.2.3
[INFO] [stderr]    Compiling winapi v0.2.8
[INFO] [stderr]    Compiling proc-macro2 v1.0.27
[INFO] [stderr]    Compiling slab v0.4.3
[INFO] [stderr]    Compiling byte-tools v0.3.1
[INFO] [stderr]    Compiling subtle v1.0.0
[INFO] [stderr]    Compiling memchr v2.3.4
[INFO] [stderr]    Compiling unicode-xid v0.2.2
[INFO] [stderr]    Compiling traitobject v0.1.0
[INFO] [stderr]    Compiling language-tags v0.2.2
[INFO] [stderr]    Compiling ppv-lite86 v0.2.10
[INFO] [stderr]    Compiling lazy_static v1.4.0
[INFO] [stderr]    Compiling typeable v0.1.2
[INFO] [stderr]    Compiling fnv v1.0.7
[INFO] [stderr]    Compiling regex-syntax v0.3.9
[INFO] [stderr]    Compiling zeroize v1.1.1
[INFO] [stderr]    Compiling utf8-ranges v0.1.3
[INFO] [stderr]    Compiling fake-simd v0.1.2
[INFO] [stderr]    Compiling ryu v1.0.5
[INFO] [stderr]    Compiling void v1.0.2
[INFO] [stderr]    Compiling serde_derive v1.0.126
[INFO] [stderr]    Compiling lazy_static v0.2.11
[INFO] [stderr]    Compiling hashbrown v0.9.1
[INFO] [stderr]    Compiling percent-encoding v2.1.0
[INFO] [stderr]    Compiling serde_json v1.0.64
[INFO] [stderr]    Compiling state v0.4.2
[INFO] [stderr]    Compiling redis v0.9.1
[INFO] [stderr]    Compiling itoa v0.4.7
[INFO] [stderr]    Compiling quick-error v1.2.3
[INFO] [stderr]    Compiling lazycell v1.3.0
[INFO] [stderr]    Compiling same-file v1.0.6
[INFO] [stderr]    Compiling tinyvec v1.1.0
[INFO] [stderr]    Compiling instant v0.1.9
[INFO] [stderr]    Compiling lock_api v0.3.4
[INFO] [stderr]    Compiling lock_api v0.4.4
[INFO] [stderr]    Compiling unicode-bidi v0.3.4
[INFO] [stderr]    Compiling semver v0.9.0
[INFO] [stderr]    Compiling kernel32-sys v0.2.2
[INFO] [stderr]    Compiling block-padding v0.1.5
[INFO] [stderr]    Compiling unicase v1.4.2
[INFO] [stderr]    Compiling pear_codegen v0.1.4
[INFO] [stderr]    Compiling rocket_codegen v0.4.6
[INFO] [stderr]    Compiling rocket v0.4.6
[INFO] [stderr]    Compiling rocket_contrib_codegen v0.4.10
[INFO] [stderr]    Compiling crossbeam-utils v0.7.2
[INFO] [stderr]    Compiling indexmap v1.6.0
[INFO] [stderr]    Compiling unreachable v1.0.0
[INFO] [stderr]    Compiling proc-macro2 v0.4.30
[INFO] [stderr]    Compiling walkdir v2.3.2
[INFO] [stderr]    Compiling rustc_version v0.2.3
[INFO] [stderr]    Compiling num_cpus v1.13.0
[INFO] [stderr]    Compiling iovec v0.1.4
[INFO] [stderr]    Compiling time v0.1.44
[INFO] [stderr]    Compiling net2 v0.2.37
[INFO] [stderr]    Compiling memchr v0.1.11
[INFO] [stderr]    Compiling parking_lot_core v0.8.3
[INFO] [stderr]    Compiling inotify-sys v0.1.5
[INFO] [stderr]    Compiling atty v0.2.14
[INFO] [stderr]    Compiling filetime v0.2.14
[INFO] [stderr]    Compiling base64 v0.9.3
[INFO] [stderr]    Compiling toml v0.4.10
[INFO] [stderr]    Compiling tokio-sync v0.1.8
[INFO] [stderr]    Compiling log v0.3.9
[INFO] [stderr]    Compiling smallvec v0.6.14
[INFO] [stderr]    Compiling aho-corasick v0.5.3
[INFO] [stderr]    Compiling bytes v0.4.12
[INFO] [stderr]    Compiling quote v0.6.13
[INFO] [stderr]    Compiling rand_core v0.5.1
[INFO] [stderr]    Compiling combine v3.8.1
[INFO] [stderr]    Compiling unicode-normalization v0.1.16
[INFO] [stderr]    Compiling mio v0.6.23
[INFO] [stderr]    Compiling inotify v0.7.1
[INFO] [stderr]    Compiling parking_lot v0.11.1
[INFO] [stderr]    Compiling parking_lot_core v0.6.2
[INFO] [stderr]    Compiling parking_lot v0.9.0
[INFO] [stderr]    Compiling quote v1.0.9
[INFO] [stderr]    Compiling thread-id v2.0.0
[INFO] [stderr]    Compiling mime v0.2.6
[INFO] [stderr]    Compiling syn v0.15.44
[INFO] [stderr]    Compiling rand_chacha v0.2.2
[INFO] [stderr]    Compiling scheduled-thread-pool v0.2.5
[INFO] [stderr]    Compiling tokio-io v0.1.13
[INFO] [stderr]    Compiling generic-array v0.12.3
[INFO] [stderr]    Compiling thread_local v0.2.7
[INFO] [stderr]    Compiling syn v1.0.72
[INFO] [stderr]    Compiling idna v0.1.5
[INFO] [stderr]    Compiling tokio-executor v0.1.10
[INFO] [stderr]    Compiling mio-extras v2.0.6
[INFO] [stderr]    Compiling r2d2 v0.8.9
[INFO] [stderr]    Compiling rand v0.7.3
[INFO] [stderr]    Compiling regex v0.1.80
[INFO] [stderr]    Compiling digest v0.8.1
[INFO] [stderr]    Compiling block-cipher-trait v0.6.2
[INFO] [stderr]    Compiling universal-hash v0.3.0
[INFO] [stderr]    Compiling crypto-mac v0.7.0
[INFO] [stderr]    Compiling aead v0.2.0
[INFO] [stderr]    Compiling block-buffer v0.7.3
[INFO] [stderr]    Compiling tokio-codec v0.1.2
[INFO] [stderr]    Compiling notify v4.0.17
[INFO] [stderr]    Compiling aes-soft v0.3.3
[INFO] [stderr]    Compiling polyval v0.3.3
[INFO] [stderr]    Compiling hmac v0.7.1
[INFO] [stderr]    Compiling url v1.7.2
[INFO] [stderr]    Compiling sha2 v0.8.2
[INFO] [stderr]    Compiling hkdf v0.8.0
[INFO] [stderr]    Compiling ghash v0.2.3
[INFO] [stderr]    Compiling aes v0.3.2
[INFO] [stderr]    Compiling tokio-reactor v0.1.12
[INFO] [stderr]    Compiling aes-gcm v0.5.0
[INFO] [stderr]    Compiling cookie v0.11.3
[INFO] [stderr]    Compiling tokio-tcp v0.1.4
[INFO] [stderr]    Compiling semver-parser v0.6.2
[INFO] [stderr]    Compiling hyper v0.10.16
[INFO] [stderr]    Compiling semver v0.5.1
[INFO] [stderr]    Compiling devise_core v0.2.0
[INFO] [stderr]    Compiling devise_codegen v0.2.0
[INFO] [stderr]    Compiling r2d2_redis v0.8.0
[INFO] [stderr]    Compiling devise v0.2.0
[INFO] [stderr]    Compiling pear v0.1.4
[INFO] [stderr]    Compiling rusted_cypher v1.1.0
[INFO] [stderr]    Compiling rocket_http v0.4.6
[INFO] [stdout] error[E0433]: failed to resolve: could not find `__private` in `_serde`
[INFO] [stdout]    --> /opt/rustwide/cargo-home/registry/src/github.com-1ecc6299db9ec823/rusted_cypher-1.1.0/src/cypher/transaction.rs:115:17
[INFO] [stdout]     |
[INFO] [stdout] 115 | #[derive(Debug, Deserialize)]
[INFO] [stdout]     |                 ^^^^^^^^^^^ could not find `__private` in `_serde`
[INFO] [stdout]     |
[INFO] [stdout]     = note: this error originates in a derive macro (in Nightly builds, run with -Z macro-backtrace for more info)
[INFO] [stdout] 
[INFO] [stdout] 
[INFO] [stdout] error[E0433]: failed to resolve: could not find `__private` in `_serde`
[INFO] [stdout]    --> /opt/rustwide/cargo-home/registry/src/github.com-1ecc6299db9ec823/rusted_cypher-1.1.0/src/cypher/transaction.rs:115:17
[INFO] [stdout]     |
[INFO] [stdout] 115 | #[derive(Debug, Deserialize)]
[INFO] [stdout]     |                 ^^^^^^^^^^^ could not find `__private` in `_serde`
[INFO] [stdout]     |
[INFO] [stdout]     = note: this error originates in a macro (in Nightly builds, run with -Z macro-backtrace for more info)
[INFO] [stdout] 
[INFO] [stdout] 
[INFO] [stdout] error[E0433]: failed to resolve: could not find `__private` in `_serde`
[INFO] [stdout]    --> /opt/rustwide/cargo-home/registry/src/github.com-1ecc6299db9ec823/rusted_cypher-1.1.0/src/cypher/transaction.rs:115:17
[INFO] [stdout]     |
[INFO] [stdout] 115 | #[derive(Debug, Deserialize)]
[INFO] [stdout]     |                 ^^^^^^^^^^^ could not find `__private` in `_serde`
[INFO] [stdout]     |
[INFO] [stdout]     = note: this error originates in a macro (in Nightly builds, run with -Z macro-backtrace for more info)
[INFO] [stdout] 
[INFO] [stdout] 
[INFO] [stdout] error[E0433]: failed to resolve: could not find `__private` in `_serde`
[INFO] [stdout]    --> /opt/rustwide/cargo-home/registry/src/github.com-1ecc6299db9ec823/rusted_cypher-1.1.0/src/cypher/transaction.rs:115:17
[INFO] [stdout]     |
[INFO] [stdout] 115 | #[derive(Debug, Deserialize)]
[INFO] [stdout]     |                 ^^^^^^^^^^^ could not find `__private` in `_serde`
[INFO] [stdout]     |
[INFO] [stdout]     = note: this error originates in a macro (in Nightly builds, run with -Z macro-backtrace for more info)
[INFO] [stdout] 
[INFO] [stdout] 
[INFO] [stdout] error[E0433]: failed to resolve: could not find `__private` in `_serde`
[INFO] [stdout]    --> /opt/rustwide/cargo-home/registry/src/github.com-1ecc6299db9ec823/rusted_cypher-1.1.0/src/cypher/transaction.rs:115:17
[INFO] [stdout]     |
[INFO] [stdout] 115 | #[derive(Debug, Deserialize)]
[INFO] [stdout]     |                 ^^^^^^^^^^^ could not find `__private` in `_serde`
[INFO] [stdout]     |
[INFO] [stdout]     = note: this error originates in a macro (in Nightly builds, run with -Z macro-backtrace for more info)
[INFO] [stdout] 
[INFO] [stdout] 
[INFO] [stdout] error[E0433]: failed to resolve: could not find `__private` in `_serde`
[INFO] [stdout]    --> /opt/rustwide/cargo-home/registry/src/github.com-1ecc6299db9ec823/rusted_cypher-1.1.0/src/cypher/transaction.rs:117:5
[INFO] [stdout]     |
[INFO] [stdout] 117 |     expires: String,
[INFO] [stdout]     |     ^^^^^^^^^^^^^^^ could not find `__private` in `_serde`
[INFO] [stdout] 
[INFO] [stdout] 
[INFO] [stdout] error[E0433]: failed to resolve: could not find `__private` in `_serde`
[INFO] [stdout]    --> /opt/rustwide/cargo-home/registry/src/github.com-1ecc6299db9ec823/rusted_cypher-1.1.0/src/cypher/transaction.rs:115:17
[INFO] [stdout]     |
[INFO] [stdout] 115 | #[derive(Debug, Deserialize)]
[INFO] [stdout]     |                 ^^^^^^^^^^^ could not find `__private` in `_serde`
[INFO] [stdout]     |
[INFO] [stdout]     = note: this error originates in a macro (in Nightly builds, run with -Z macro-backtrace for more info)
[INFO] [stdout] 
[INFO] [stdout] 
[INFO] [stdout] error[E0433]: failed to resolve: could not find `__private` in `_serde`
[INFO] [stdout]    --> /opt/rustwide/cargo-home/registry/src/github.com-1ecc6299db9ec823/rusted_cypher-1.1.0/src/cypher/transaction.rs:120:17
[INFO] [stdout]     |
[INFO] [stdout] 120 | #[derive(Debug, Deserialize)]
[INFO] [stdout]     |                 ^^^^^^^^^^^ could not find `__private` in `_serde`
[INFO] [stdout]     |
[INFO] [stdout]     = note: this error originates in a derive macro (in Nightly builds, run with -Z macro-backtrace for more info)
[INFO] [stdout] 
[INFO] [stdout] 
[INFO] [stdout] error[E0433]: failed to resolve: could not find `__private` in `_serde`
[INFO] [stdout]    --> /opt/rustwide/cargo-home/registry/src/github.com-1ecc6299db9ec823/rusted_cypher-1.1.0/src/cypher/transaction.rs:120:17
[INFO] [stdout]     |
[INFO] [stdout] 120 | #[derive(Debug, Deserialize)]
[INFO] [stdout]     |                 ^^^^^^^^^^^ could not find `__private` in `_serde`
[INFO] [stdout]     |
[INFO] [stdout]     = note: this error originates in a macro (in Nightly builds, run with -Z macro-backtrace for more info)
[INFO] [stdout] 
[INFO] [stdout] 
[INFO] [stdout] error[E0433]: failed to resolve: could not find `__private` in `_serde`
[INFO] [stdout]    --> /opt/rustwide/cargo-home/registry/src/github.com-1ecc6299db9ec823/rusted_cypher-1.1.0/src/cypher/transaction.rs:120:17
[INFO] [stdout]     |
[INFO] [stdout] 120 | #[derive(Debug, Deserialize)]
[INFO] [stdout]     |                 ^^^^^^^^^^^ could not find `__private` in `_serde`
[INFO] [stdout]     |
[INFO] [stdout]     = note: this error originates in a macro (in Nightly builds, run with -Z macro-backtrace for more info)
[INFO] [stdout] 
[INFO] [stdout] 
[INFO] [stdout] error[E0433]: failed to resolve: could not find `__private` in `_serde`
[INFO] [stdout]    --> /opt/rustwide/cargo-home/registry/src/github.com-1ecc6299db9ec823/rusted_cypher-1.1.0/src/cypher/transaction.rs:120:17
[INFO] [stdout]     |
[INFO] [stdout] 120 | #[derive(Debug, Deserialize)]
[INFO] [stdout]     |                 ^^^^^^^^^^^ could not find `__private` in `_serde`
[INFO] [stdout]     |
[INFO] [stdout]     = note: this error originates in a macro (in Nightly builds, run with -Z macro-backtrace for more info)
[INFO] [stdout] 
[INFO] [stdout] 
[INFO] [stdout] error[E0433]: failed to resolve: could not find `__private` in `_serde`
[INFO] [stdout]    --> /opt/rustwide/cargo-home/registry/src/github.com-1ecc6299db9ec823/rusted_cypher-1.1.0/src/cypher/transaction.rs:120:17
[INFO] [stdout]     |
[INFO] [stdout] 120 | #[derive(Debug, Deserialize)]
[INFO] [stdout]     |                 ^^^^^^^^^^^ could not find `__private` in `_serde`
[INFO] [stdout]     |
[INFO] [stdout]     = note: this error originates in a macro (in Nightly builds, run with -Z macro-backtrace for more info)
[INFO] [stdout] 
[INFO] [stdout] 
[INFO] [stdout] error[E0433]: failed to resolve: could not find `__private` in `_serde`
[INFO] [stdout]    --> /opt/rustwide/cargo-home/registry/src/github.com-1ecc6299db9ec823/rusted_cypher-1.1.0/src/cypher/transaction.rs:120:17
[INFO] [stdout]     |
[INFO] [stdout] 120 | #[derive(Debug, Deserialize)]
[INFO] [stdout]     |                 ^^^^^^^^^^^ could not find `__private` in `_serde`
[INFO] [stdout]     |
[INFO] [stdout]     = note: this error originates in a macro (in Nightly builds, run with -Z macro-backtrace for more info)
[INFO] [stdout] 
[INFO] [stdout] 
[INFO] [stdout] error[E0433]: failed to resolve: could not find `__private` in `_serde`
[INFO] [stdout]    --> /opt/rustwide/cargo-home/registry/src/github.com-1ecc6299db9ec823/rusted_cypher-1.1.0/src/cypher/transaction.rs:120:17
[INFO] [stdout]     |
[INFO] [stdout] 120 | #[derive(Debug, Deserialize)]
[INFO] [stdout]     |                 ^^^^^^^^^^^ could not find `__private` in `_serde`
[INFO] [stdout]     |
[INFO] [stdout]     = note: this error originates in a macro (in Nightly builds, run with -Z macro-backtrace for more info)
[INFO] [stdout] 
[INFO] [stdout] 
[INFO] [stdout] error[E0433]: failed to resolve: could not find `__private` in `_serde`
[INFO] [stdout]    --> /opt/rustwide/cargo-home/registry/src/github.com-1ecc6299db9ec823/rusted_cypher-1.1.0/src/cypher/transaction.rs:120:17
[INFO] [stdout]     |
[INFO] [stdout] 120 | #[derive(Debug, Deserialize)]
[INFO] [stdout]     |                 ^^^^^^^^^^^ could not find `__private` in `_serde`
[INFO] [stdout]     |
[INFO] [stdout]     = note: this error originates in a macro (in Nightly builds, run with -Z macro-backtrace for more info)
[INFO] [stdout] 
[INFO] [stdout] 
[INFO] [stdout] error[E0433]: failed to resolve: could not find `__private` in `_serde`
[INFO] [stdout]    --> /opt/rustwide/cargo-home/registry/src/github.com-1ecc6299db9ec823/rusted_cypher-1.1.0/src/cypher/transaction.rs:120:17
[INFO] [stdout]     |
[INFO] [stdout] 120 | #[derive(Debug, Deserialize)]
[INFO] [stdout]     |                 ^^^^^^^^^^^ could not find `__private` in `_serde`
[INFO] [stdout]     |
[INFO] [stdout]     = note: this error originates in a macro (in Nightly builds, run with -Z macro-backtrace for more info)
[INFO] [stdout] 
[INFO] [stdout] 
[INFO] [stdout] error[E0433]: failed to resolve: could not find `__private` in `_serde`
[INFO] [stdout]    --> /opt/rustwide/cargo-home/registry/src/github.com-1ecc6299db9ec823/rusted_cypher-1.1.0/src/cypher/transaction.rs:120:17
[INFO] [stdout]     |
[INFO] [stdout] 120 | #[derive(Debug, Deserialize)]
[INFO] [stdout]     |                 ^^^^^^^^^^^ could not find `__private` in `_serde`
[INFO] [stdout]     |
[INFO] [stdout]     = note: this error originates in a macro (in Nightly builds, run with -Z macro-backtrace for more info)
[INFO] [stdout] 
[INFO] [stdout] 
[INFO] [stdout] error[E0433]: failed to resolve: could not find `__private` in `_serde`
[INFO] [stdout]    --> /opt/rustwide/cargo-home/registry/src/github.com-1ecc6299db9ec823/rusted_cypher-1.1.0/src/cypher/transaction.rs:120:17
[INFO] [stdout]     |
[INFO] [stdout] 120 | #[derive(Debug, Deserialize)]
[INFO] [stdout]     |                 ^^^^^^^^^^^ could not find `__private` in `_serde`
[INFO] [stdout]     |
[INFO] [stdout]     = note: this error originates in a macro (in Nightly builds, run with -Z macro-backtrace for more info)
[INFO] [stdout] 
[INFO] [stdout] 
[INFO] [stdout] error[E0433]: failed to resolve: could not find `__private` in `_serde`
[INFO] [stdout]    --> /opt/rustwide/cargo-home/registry/src/github.com-1ecc6299db9ec823/rusted_cypher-1.1.0/src/cypher/transaction.rs:122:5
[INFO] [stdout]     |
[INFO] [stdout] 122 |     commit: String,
[INFO] [stdout]     |     ^^^^^^^^^^^^^^ could not find `__private` in `_serde`
[INFO] [stdout] 
[INFO] [stdout] 
[INFO] [stdout] error[E0433]: failed to resolve: could not find `__private` in `_serde`
[INFO] [stdout]    --> /opt/rustwide/cargo-home/registry/src/github.com-1ecc6299db9ec823/rusted_cypher-1.1.0/src/cypher/transaction.rs:120:17
[INFO] [stdout]     |
[INFO] [stdout] 120 | #[derive(Debug, Deserialize)]
[INFO] [stdout]     |                 ^^^^^^^^^^^ could not find `__private` in `_serde`
[INFO] [stdout]     |
[INFO] [stdout]     = note: this error originates in a macro (in Nightly builds, run with -Z macro-backtrace for more info)
[INFO] [stdout] 
[INFO] [stdout] 
[INFO] [stdout] error[E0433]: failed to resolve: could not find `__private` in `_serde`
[INFO] [stdout]    --> /opt/rustwide/cargo-home/registry/src/github.com-1ecc6299db9ec823/rusted_cypher-1.1.0/src/cypher/transaction.rs:123:5
[INFO] [stdout]     |
[INFO] [stdout] 123 |     transaction: TransactionInfo,
[INFO] [stdout]     |     ^^^^^^^^^^^^^^^^^^^^^^^^^^^^ could not find `__private` in `_serde`
[INFO] [stdout] 
[INFO] [stdout] 
[INFO] [stdout] error[E0433]: failed to resolve: could not find `__private` in `_serde`
[INFO] [stdout]    --> /opt/rustwide/cargo-home/registry/src/github.com-1ecc6299db9ec823/rusted_cypher-1.1.0/src/cypher/transaction.rs:120:17
[INFO] [stdout]     |
[INFO] [stdout] 120 | #[derive(Debug, Deserialize)]
[INFO] [stdout]     |                 ^^^^^^^^^^^ could not find `__private` in `_serde`
[INFO] [stdout]     |
[INFO] [stdout]     = note: this error originates in a macro (in Nightly builds, run with -Z macro-backtrace for more info)
[INFO] [stdout] 
[INFO] [stdout] 
[INFO] [stdout] error[E0433]: failed to resolve: could not find `__private` in `_serde`
[INFO] [stdout]    --> /opt/rustwide/cargo-home/registry/src/github.com-1ecc6299db9ec823/rusted_cypher-1.1.0/src/cypher/transaction.rs:124:5
[INFO] [stdout]     |
[INFO] [stdout] 124 |     results: Vec<CypherResult>,
[INFO] [stdout]     |     ^^^^^^^^^^^^^^^^^^^^^^^^^^ could not find `__private` in `_serde`
[INFO] [stdout] 
[INFO] [stdout] 
[INFO] [stdout] error[E0433]: failed to resolve: could not find `__private` in `_serde`
[INFO] [stdout]    --> /opt/rustwide/cargo-home/registry/src/github.com-1ecc6299db9ec823/rusted_cypher-1.1.0/src/cypher/transaction.rs:120:17
[INFO] [stdout]     |
[INFO] [stdout] 120 | #[derive(Debug, Deserialize)]
[INFO] [stdout]     |                 ^^^^^^^^^^^ could not find `__private` in `_serde`
[INFO] [stdout]     |
[INFO] [stdout]     = note: this error originates in a macro (in Nightly builds, run with -Z macro-backtrace for more info)
[INFO] [stdout] 
[INFO] [stdout] 
[INFO] [stdout] error[E0433]: failed to resolve: could not find `__private` in `_serde`
[INFO] [stdout]    --> /opt/rustwide/cargo-home/registry/src/github.com-1ecc6299db9ec823/rusted_cypher-1.1.0/src/cypher/transaction.rs:125:5
[INFO] [stdout]     |
[INFO] [stdout] 125 |     errors: Vec<Neo4jError>,
[INFO] [stdout]     |     ^^^^^^^^^^^^^^^^^^^^^^^ could not find `__private` in `_serde`
[INFO] [stdout] 
[INFO] [stdout] 
[INFO] [stdout] error[E0433]: failed to resolve: could not find `__private` in `_serde`
[INFO] [stdout]    --> /opt/rustwide/cargo-home/registry/src/github.com-1ecc6299db9ec823/rusted_cypher-1.1.0/src/cypher/transaction.rs:120:17
[INFO] [stdout]     |
[INFO] [stdout] 120 | #[derive(Debug, Deserialize)]
[INFO] [stdout]     |                 ^^^^^^^^^^^ could not find `__private` in `_serde`
[INFO] [stdout]     |
[INFO] [stdout]     = note: this error originates in a macro (in Nightly builds, run with -Z macro-backtrace for more info)
[INFO] [stdout] 
[INFO] [stdout] 
[INFO] [stdout] error[E0433]: failed to resolve: could not find `__private` in `_serde`
[INFO] [stdout]    --> /opt/rustwide/cargo-home/registry/src/github.com-1ecc6299db9ec823/rusted_cypher-1.1.0/src/cypher/transaction.rs:138:10
[INFO] [stdout]     |
[INFO] [stdout] 138 | #[derive(Deserialize)]
[INFO] [stdout]     |          ^^^^^^^^^^^ could not find `__private` in `_serde`
[INFO] [stdout]     |
[INFO] [stdout]     = note: this error originates in a derive macro (in Nightly builds, run with -Z macro-backtrace for more info)
[INFO] [stdout] 
[INFO] [stdout] 
[INFO] [stdout] error[E0433]: failed to resolve: could not find `__private` in `_serde`
[INFO] [stdout]    --> /opt/rustwide/cargo-home/registry/src/github.com-1ecc6299db9ec823/rusted_cypher-1.1.0/src/cypher/transaction.rs:138:10
[INFO] [stdout]     |
[INFO] [stdout] 138 | #[derive(Deserialize)]
[INFO] [stdout]     |          ^^^^^^^^^^^ could not find `__private` in `_serde`
[INFO] [stdout]     |
[INFO] [stdout]     = note: this error originates in a macro (in Nightly builds, run with -Z macro-backtrace for more info)
[INFO] [stdout] 
[INFO] [stdout] 
[INFO] [stdout] error[E0433]: failed to resolve: could not find `__private` in `_serde`
[INFO] [stdout]    --> /opt/rustwide/cargo-home/registry/src/github.com-1ecc6299db9ec823/rusted_cypher-1.1.0/src/cypher/transaction.rs:138:10
[INFO] [stdout]     |
[INFO] [stdout] 138 | #[derive(Deserialize)]
[INFO] [stdout]     |          ^^^^^^^^^^^ could not find `__private` in `_serde`
[INFO] [stdout]     |
[INFO] [stdout]     = note: this error originates in a macro (in Nightly builds, run with -Z macro-backtrace for more info)
[INFO] [stdout] 
[INFO] [stdout] 
[INFO] [stdout] error[E0433]: failed to resolve: could not find `__private` in `_serde`
[INFO] [stdout]    --> /opt/rustwide/cargo-home/registry/src/github.com-1ecc6299db9ec823/rusted_cypher-1.1.0/src/cypher/transaction.rs:138:10
[INFO] [stdout]     |
[INFO] [stdout] 138 | #[derive(Deserialize)]
[INFO] [stdout]     |          ^^^^^^^^^^^ could not find `__private` in `_serde`
[INFO] [stdout]     |
[INFO] [stdout]     = note: this error originates in a macro (in Nightly builds, run with -Z macro-backtrace for more info)
[INFO] [stdout] 
[INFO] [stdout] 
[INFO] [stdout] error[E0433]: failed to resolve: could not find `__private` in `_serde`
[INFO] [stdout]    --> /opt/rustwide/cargo-home/registry/src/github.com-1ecc6299db9ec823/rusted_cypher-1.1.0/src/cypher/transaction.rs:138:10
[INFO] [stdout]     |
[INFO] [stdout] 138 | #[derive(Deserialize)]
[INFO] [stdout]     |          ^^^^^^^^^^^ could not find `__private` in `_serde`
[INFO] [stdout]     |
[INFO] [stdout]     = note: this error originates in a macro (in Nightly builds, run with -Z macro-backtrace for more info)
[INFO] [stdout] 
[INFO] [stdout] 
[INFO] [stdout] error[E0433]: failed to resolve: could not find `__private` in `_serde`
[INFO] [stdout]    --> /opt/rustwide/cargo-home/registry/src/github.com-1ecc6299db9ec823/rusted_cypher-1.1.0/src/cypher/transaction.rs:138:10
[INFO] [stdout]     |
[INFO] [stdout] 138 | #[derive(Deserialize)]
[INFO] [stdout]     |          ^^^^^^^^^^^ could not find `__private` in `_serde`
[INFO] [stdout]     |
[INFO] [stdout]     = note: this error originates in a macro (in Nightly builds, run with -Z macro-backtrace for more info)
[INFO] [stdout] 
[INFO] [stdout] 
[INFO] [stdout] error[E0433]: failed to resolve: could not find `__private` in `_serde`
[INFO] [stdout]    --> /opt/rustwide/cargo-home/registry/src/github.com-1ecc6299db9ec823/rusted_cypher-1.1.0/src/cypher/transaction.rs:138:10
[INFO] [stdout]     |
[INFO] [stdout] 138 | #[derive(Deserialize)]
[INFO] [stdout]     |          ^^^^^^^^^^^ could not find `__private` in `_serde`
[INFO] [stdout]     |
[INFO] [stdout]     = note: this error originates in a macro (in Nightly builds, run with -Z macro-backtrace for more info)
[INFO] [stdout] 
[INFO] [stdout] 
[INFO] [stdout] error[E0433]: failed to resolve: could not find `__private` in `_serde`
[INFO] [stdout]    --> /opt/rustwide/cargo-home/registry/src/github.com-1ecc6299db9ec823/rusted_cypher-1.1.0/src/cypher/transaction.rs:141:5
[INFO] [stdout]     |
[INFO] [stdout] 141 |     results: Vec<CypherResult>,
[INFO] [stdout]     |     ^^^^^^^^^^^^^^^^^^^^^^^^^^ could not find `__private` in `_serde`
[INFO] [stdout] 
[INFO] [stdout] 
[INFO] [stdout] error[E0433]: failed to resolve: could not find `__private` in `_serde`
[INFO] [stdout]    --> /opt/rustwide/cargo-home/registry/src/github.com-1ecc6299db9ec823/rusted_cypher-1.1.0/src/cypher/transaction.rs:138:10
[INFO] [stdout]     |
[INFO] [stdout] 138 | #[derive(Deserialize)]
[INFO] [stdout]     |          ^^^^^^^^^^^ could not find `__private` in `_serde`
[INFO] [stdout]     |
[INFO] [stdout]     = note: this error originates in a macro (in Nightly builds, run with -Z macro-backtrace for more info)
[INFO] [stdout] 
[INFO] [stdout] 
[INFO] [stdout] error[E0433]: failed to resolve: could not find `__private` in `_serde`
[INFO] [stdout]    --> /opt/rustwide/cargo-home/registry/src/github.com-1ecc6299db9ec823/rusted_cypher-1.1.0/src/cypher/transaction.rs:142:5
[INFO] [stdout]     |
[INFO] [stdout] 142 |     errors: Vec<Neo4jError>,
[INFO] [stdout]     |     ^^^^^^^^^^^^^^^^^^^^^^^ could not find `__private` in `_serde`
[INFO] [stdout] 
[INFO] [stdout] 
[INFO] [stdout] error[E0433]: failed to resolve: could not find `__private` in `_serde`
[INFO] [stdout]    --> /opt/rustwide/cargo-home/registry/src/github.com-1ecc6299db9ec823/rusted_cypher-1.1.0/src/cypher/transaction.rs:138:10
[INFO] [stdout]     |
[INFO] [stdout] 138 | #[derive(Deserialize)]
[INFO] [stdout]     |          ^^^^^^^^^^^ could not find `__private` in `_serde`
[INFO] [stdout]     |
[INFO] [stdout]     = note: this error originates in a macro (in Nightly builds, run with -Z macro-backtrace for more info)
[INFO] [stdout] 
[INFO] [stdout] 
[INFO] [stdout] error[E0433]: failed to resolve: could not find `__private` in `_serde`
[INFO] [stdout]   --> /opt/rustwide/cargo-home/registry/src/github.com-1ecc6299db9ec823/rusted_cypher-1.1.0/src/cypher/statement.rs:57:24
[INFO] [stdout]    |
[INFO] [stdout] 57 | #[derive(Clone, Debug, Serialize)]
[INFO] [stdout]    |                        ^^^^^^^^^ could not find `__private` in `_serde`
[INFO] [stdout]    |
[INFO] [stdout]    = note: this error originates in a derive macro (in Nightly builds, run with -Z macro-backtrace for more info)
[INFO] [stdout] 
[INFO] [stdout] 
[INFO] [stdout] error[E0433]: failed to resolve: could not find `__private` in `_serde`
[INFO] [stdout]   --> /opt/rustwide/cargo-home/registry/src/github.com-1ecc6299db9ec823/rusted_cypher-1.1.0/src/cypher/statement.rs:57:24
[INFO] [stdout]    |
[INFO] [stdout] 57 | #[derive(Clone, Debug, Serialize)]
[INFO] [stdout]    |                        ^^^^^^^^^ could not find `__private` in `_serde`
[INFO] [stdout]    |
[INFO] [stdout]    = note: this error originates in a macro (in Nightly builds, run with -Z macro-backtrace for more info)
[INFO] [stdout] 
[INFO] [stdout] 
[INFO] [stdout] error[E0433]: failed to resolve: could not find `__private` in `_serde`
[INFO] [stdout]   --> /opt/rustwide/cargo-home/registry/src/github.com-1ecc6299db9ec823/rusted_cypher-1.1.0/src/cypher/statement.rs:57:24
[INFO] [stdout]    |
[INFO] [stdout] 57 | #[derive(Clone, Debug, Serialize)]
[INFO] [stdout]    |                        ^^^^^^^^^ could not find `__private` in `_serde`
[INFO] [stdout]    |
[INFO] [stdout]    = note: this error originates in a macro (in Nightly builds, run with -Z macro-backtrace for more info)
[INFO] [stdout] 
[INFO] [stdout] 
[INFO] [stdout] error[E0433]: failed to resolve: could not find `__private` in `_serde`
[INFO] [stdout]   --> /opt/rustwide/cargo-home/registry/src/github.com-1ecc6299db9ec823/rusted_cypher-1.1.0/src/cypher/statement.rs:57:24
[INFO] [stdout]    |
[INFO] [stdout] 57 | #[derive(Clone, Debug, Serialize)]
[INFO] [stdout]    |                        ^^^^^^^^^ could not find `__private` in `_serde`
[INFO] [stdout]    |
[INFO] [stdout]    = note: this error originates in a macro (in Nightly builds, run with -Z macro-backtrace for more info)
[INFO] [stdout] 
[INFO] [stdout] 
[INFO] [stdout] error[E0433]: failed to resolve: could not find `__private` in `_serde`
[INFO] [stdout]   --> /opt/rustwide/cargo-home/registry/src/github.com-1ecc6299db9ec823/rusted_cypher-1.1.0/src/cypher/result.rs:12:17
[INFO] [stdout]    |
[INFO] [stdout] 12 | #[derive(Debug, Deserialize)]
[INFO] [stdout]    |                 ^^^^^^^^^^^ could not find `__private` in `_serde`
[INFO] [stdout]    |
[INFO] [stdout]    = note: this error originates in a derive macro (in Nightly builds, run with -Z macro-backtrace for more info)
[INFO] [stdout] 
[INFO] [stdout] 
[INFO] [stdout] error[E0433]: failed to resolve: could not find `__private` in `_serde`
[INFO] [stdout]   --> /opt/rustwide/cargo-home/registry/src/github.com-1ecc6299db9ec823/rusted_cypher-1.1.0/src/cypher/result.rs:12:17
[INFO] [stdout]    |
[INFO] [stdout] 12 | #[derive(Debug, Deserialize)]
[INFO] [stdout]    |                 ^^^^^^^^^^^ could not find `__private` in `_serde`
[INFO] [stdout]    |
[INFO] [stdout]    = note: this error originates in a macro (in Nightly builds, run with -Z macro-backtrace for more info)
[INFO] [stdout] 
[INFO] [stdout] 
[INFO] [stdout] error[E0433]: failed to resolve: could not find `__private` in `_serde`
[INFO] [stdout]   --> /opt/rustwide/cargo-home/registry/src/github.com-1ecc6299db9ec823/rusted_cypher-1.1.0/src/cypher/result.rs:12:17
[INFO] [stdout]    |
[INFO] [stdout] 12 | #[derive(Debug, Deserialize)]
[INFO] [stdout]    |                 ^^^^^^^^^^^ could not find `__private` in `_serde`
[INFO] [stdout]    |
[INFO] [stdout]    = note: this error originates in a macro (in Nightly builds, run with -Z macro-backtrace for more info)
[INFO] [stdout] 
[INFO] [stdout] 
[INFO] [stdout] error[E0433]: failed to resolve: could not find `__private` in `_serde`
[INFO] [stdout]   --> /opt/rustwide/cargo-home/registry/src/github.com-1ecc6299db9ec823/rusted_cypher-1.1.0/src/cypher/result.rs:12:17
[INFO] [stdout]    |
[INFO] [stdout] 12 | #[derive(Debug, Deserialize)]
[INFO] [stdout]    |                 ^^^^^^^^^^^ could not find `__private` in `_serde`
[INFO] [stdout]    |
[INFO] [stdout]    = note: this error originates in a macro (in Nightly builds, run with -Z macro-backtrace for more info)
[INFO] [stdout] 
[INFO] [stdout] 
[INFO] [stdout] error[E0433]: failed to resolve: could not find `__private` in `_serde`
[INFO] [stdout]   --> /opt/rustwide/cargo-home/registry/src/github.com-1ecc6299db9ec823/rusted_cypher-1.1.0/src/cypher/result.rs:12:17
[INFO] [stdout]    |
[INFO] [stdout] 12 | #[derive(Debug, Deserialize)]
[INFO] [stdout]    |                 ^^^^^^^^^^^ could not find `__private` in `_serde`
[INFO] [stdout]    |
[INFO] [stdout]    = note: this error originates in a macro (in Nightly builds, run with -Z macro-backtrace for more info)
[INFO] [stdout] 
[INFO] [stdout] 
[INFO] [stdout] error[E0433]: failed to resolve: could not find `__private` in `_serde`
[INFO] [stdout]   --> /opt/rustwide/cargo-home/registry/src/github.com-1ecc6299db9ec823/rusted_cypher-1.1.0/src/cypher/result.rs:12:17
[INFO] [stdout]    |
[INFO] [stdout] 12 | #[derive(Debug, Deserialize)]
[INFO] [stdout]    |                 ^^^^^^^^^^^ could not find `__private` in `_serde`
[INFO] [stdout]    |
[INFO] [stdout]    = note: this error originates in a macro (in Nightly builds, run with -Z macro-backtrace for more info)
[INFO] [stdout] 
[INFO] [stdout] 
[INFO] [stdout] error[E0433]: failed to resolve: could not find `__private` in `_serde`
[INFO] [stdout]   --> /opt/rustwide/cargo-home/registry/src/github.com-1ecc6299db9ec823/rusted_cypher-1.1.0/src/cypher/result.rs:12:17
[INFO] [stdout]    |
[INFO] [stdout] 12 | #[derive(Debug, Deserialize)]
[INFO] [stdout]    |                 ^^^^^^^^^^^ could not find `__private` in `_serde`
[INFO] [stdout]    |
[INFO] [stdout]    = note: this error originates in a macro (in Nightly builds, run with -Z macro-backtrace for more info)
[INFO] [stdout] 
[INFO] [stdout] 
[INFO] [stdout] error[E0433]: failed to resolve: could not find `__private` in `_serde`
[INFO] [stdout]   --> /opt/rustwide/cargo-home/registry/src/github.com-1ecc6299db9ec823/rusted_cypher-1.1.0/src/cypher/result.rs:14:5
[INFO] [stdout]    |
[INFO] [stdout] 14 |     pub results: Vec<CypherResult>,
[INFO] [stdout]    |     ^^^^^^^^^^^^^^^^^^^^^^^^^^^^^^ could not find `__private` in `_serde`
[INFO] [stdout] 
[INFO] [stdout] 
[INFO] [stdout] error[E0433]: failed to resolve: could not find `__private` in `_serde`
[INFO] [stdout]   --> /opt/rustwide/cargo-home/registry/src/github.com-1ecc6299db9ec823/rusted_cypher-1.1.0/src/cypher/result.rs:12:17
[INFO] [stdout]    |
[INFO] [stdout] 12 | #[derive(Debug, Deserialize)]
[INFO] [stdout]    |                 ^^^^^^^^^^^ could not find `__private` in `_serde`
[INFO] [stdout]    |
[INFO] [stdout]    = note: this error originates in a macro (in Nightly builds, run with -Z macro-backtrace for more info)
[INFO] [stdout] 
[INFO] [stdout] 
[INFO] [stdout] error[E0433]: failed to resolve: could not find `__private` in `_serde`
[INFO] [stdout]   --> /opt/rustwide/cargo-home/registry/src/github.com-1ecc6299db9ec823/rusted_cypher-1.1.0/src/cypher/result.rs:15:5
[INFO] [stdout]    |
[INFO] [stdout] 15 |     pub errors: Vec<Neo4jError>,
[INFO] [stdout]    |     ^^^^^^^^^^^^^^^^^^^^^^^^^^^ could not find `__private` in `_serde`
[INFO] [stdout] 
[INFO] [stdout] 
[INFO] [stdout] error[E0433]: failed to resolve: could not find `__private` in `_serde`
[INFO] [stdout]   --> /opt/rustwide/cargo-home/registry/src/github.com-1ecc6299db9ec823/rusted_cypher-1.1.0/src/cypher/result.rs:12:17
[INFO] [stdout]    |
[INFO] [stdout] 12 | #[derive(Debug, Deserialize)]
[INFO] [stdout]    |                 ^^^^^^^^^^^ could not find `__private` in `_serde`
[INFO] [stdout]    |
[INFO] [stdout]    = note: this error originates in a macro (in Nightly builds, run with -Z macro-backtrace for more info)
[INFO] [stdout] 
[INFO] [stdout] 
[INFO] [stdout] error[E0433]: failed to resolve: could not find `__private` in `_serde`
[INFO] [stdout]   --> /opt/rustwide/cargo-home/registry/src/github.com-1ecc6299db9ec823/rusted_cypher-1.1.0/src/cypher/result.rs:29:24
[INFO] [stdout]    |
[INFO] [stdout] 29 | #[derive(Clone, Debug, Deserialize)]
[INFO] [stdout]    |                        ^^^^^^^^^^^ could not find `__private` in `_serde`
[INFO] [stdout]    |
[INFO] [stdout]    = note: this error originates in a derive macro (in Nightly builds, run with -Z macro-backtrace for more info)
[INFO] [stdout] 
[INFO] [stdout] 
[INFO] [stdout] error[E0433]: failed to resolve: could not find `__private` in `_serde`
[INFO] [stdout]   --> /opt/rustwide/cargo-home/registry/src/github.com-1ecc6299db9ec823/rusted_cypher-1.1.0/src/cypher/result.rs:29:24
[INFO] [stdout]    |
[INFO] [stdout] 29 | #[derive(Clone, Debug, Deserialize)]
[INFO] [stdout]    |                        ^^^^^^^^^^^ could not find `__private` in `_serde`
[INFO] [stdout]    |
[INFO] [stdout]    = note: this error originates in a macro (in Nightly builds, run with -Z macro-backtrace for more info)
[INFO] [stdout] 
[INFO] [stdout] 
[INFO] [stdout] error[E0433]: failed to resolve: could not find `__private` in `_serde`
[INFO] [stdout]   --> /opt/rustwide/cargo-home/registry/src/github.com-1ecc6299db9ec823/rusted_cypher-1.1.0/src/cypher/result.rs:29:24
[INFO] [stdout]    |
[INFO] [stdout] 29 | #[derive(Clone, Debug, Deserialize)]
[INFO] [stdout]    |                        ^^^^^^^^^^^ could not find `__private` in `_serde`
[INFO] [stdout]    |
[INFO] [stdout]    = note: this error originates in a macro (in Nightly builds, run with -Z macro-backtrace for more info)
[INFO] [stdout] 
[INFO] [stdout] 
[INFO] [stdout] error[E0433]: failed to resolve: could not find `__private` in `_serde`
[INFO] [stdout]   --> /opt/rustwide/cargo-home/registry/src/github.com-1ecc6299db9ec823/rusted_cypher-1.1.0/src/cypher/result.rs:29:24
[INFO] [stdout]    |
[INFO] [stdout] 29 | #[derive(Clone, Debug, Deserialize)]
[INFO] [stdout]    |                        ^^^^^^^^^^^ could not find `__private` in `_serde`
[INFO] [stdout]    |
[INFO] [stdout]    = note: this error originates in a macro (in Nightly builds, run with -Z macro-backtrace for more info)
[INFO] [stdout] 
[INFO] [stdout] 
[INFO] [stdout] error[E0433]: failed to resolve: could not find `__private` in `_serde`
[INFO] [stdout]   --> /opt/rustwide/cargo-home/registry/src/github.com-1ecc6299db9ec823/rusted_cypher-1.1.0/src/cypher/result.rs:29:24
[INFO] [stdout]    |
[INFO] [stdout] 29 | #[derive(Clone, Debug, Deserialize)]
[INFO] [stdout]    |                        ^^^^^^^^^^^ could not find `__private` in `_serde`
[INFO] [stdout]    |
[INFO] [stdout]    = note: this error originates in a macro (in Nightly builds, run with -Z macro-backtrace for more info)
[INFO] [stdout] 
[INFO] [stdout] 
[INFO] [stdout] error[E0433]: failed to resolve: could not find `__private` in `_serde`
[INFO] [stdout]   --> /opt/rustwide/cargo-home/registry/src/github.com-1ecc6299db9ec823/rusted_cypher-1.1.0/src/cypher/result.rs:31:5
[INFO] [stdout]    |
[INFO] [stdout] 31 |     row: Vec<Value>,
[INFO] [stdout]    |     ^^^^^^^^^^^^^^^ could not find `__private` in `_serde`
[INFO] [stdout] 
[INFO] [stdout] 
[INFO] [stdout] error[E0433]: failed to resolve: could not find `__private` in `_serde`
[INFO] [stdout]   --> /opt/rustwide/cargo-home/registry/src/github.com-1ecc6299db9ec823/rusted_cypher-1.1.0/src/cypher/result.rs:29:24
[INFO] [stdout]    |
[INFO] [stdout] 29 | #[derive(Clone, Debug, Deserialize)]
[INFO] [stdout]    |                        ^^^^^^^^^^^ could not find `__private` in `_serde`
[INFO] [stdout]    |
[INFO] [stdout]    = note: this error originates in a macro (in Nightly builds, run with -Z macro-backtrace for more info)
[INFO] [stdout] 
[INFO] [stdout] 
[INFO] [stdout] error[E0433]: failed to resolve: could not find `__private` in `_serde`
[INFO] [stdout]   --> /opt/rustwide/cargo-home/registry/src/github.com-1ecc6299db9ec823/rusted_cypher-1.1.0/src/cypher/result.rs:35:24
[INFO] [stdout]    |
[INFO] [stdout] 35 | #[derive(Clone, Debug, Deserialize)]
[INFO] [stdout]    |                        ^^^^^^^^^^^ could not find `__private` in `_serde`
[INFO] [stdout]    |
[INFO] [stdout]    = note: this error originates in a derive macro (in Nightly builds, run with -Z macro-backtrace for more info)
[INFO] [stdout] 
[INFO] [stdout] 
[INFO] [stdout] error[E0433]: failed to resolve: could not find `__private` in `_serde`
[INFO] [stdout]   --> /opt/rustwide/cargo-home/registry/src/github.com-1ecc6299db9ec823/rusted_cypher-1.1.0/src/cypher/result.rs:35:24
[INFO] [stdout]    |
[INFO] [stdout] 35 | #[derive(Clone, Debug, Deserialize)]
[INFO] [stdout]    |                        ^^^^^^^^^^^ could not find `__private` in `_serde`
[INFO] [stdout]    |
[INFO] [stdout]    = note: this error originates in a macro (in Nightly builds, run with -Z macro-backtrace for more info)
[INFO] [stdout] 
[INFO] [stdout] 
[INFO] [stdout] error[E0433]: failed to resolve: could not find `__private` in `_serde`
[INFO] [stdout]   --> /opt/rustwide/cargo-home/registry/src/github.com-1ecc6299db9ec823/rusted_cypher-1.1.0/src/cypher/result.rs:35:24
[INFO] [stdout]    |
[INFO] [stdout] 35 | #[derive(Clone, Debug, Deserialize)]
[INFO] [stdout]    |                        ^^^^^^^^^^^ could not find `__private` in `_serde`
[INFO] [stdout]    |
[INFO] [stdout]    = note: this error originates in a macro (in Nightly builds, run with -Z macro-backtrace for more info)
[INFO] [stdout] 
[INFO] [stdout] 
[INFO] [stdout] error[E0433]: failed to resolve: could not find `__private` in `_serde`
[INFO] [stdout]   --> /opt/rustwide/cargo-home/registry/src/github.com-1ecc6299db9ec823/rusted_cypher-1.1.0/src/cypher/result.rs:35:24
[INFO] [stdout]    |
[INFO] [stdout] 35 | #[derive(Clone, Debug, Deserialize)]
[INFO] [stdout]    |                        ^^^^^^^^^^^ could not find `__private` in `_serde`
[INFO] [stdout]    |
[INFO] [stdout]    = note: this error originates in a macro (in Nightly builds, run with -Z macro-backtrace for more info)
[INFO] [stdout] 
[INFO] [stdout] 
[INFO] [stdout] error[E0433]: failed to resolve: could not find `__private` in `_serde`
[INFO] [stdout]   --> /opt/rustwide/cargo-home/registry/src/github.com-1ecc6299db9ec823/rusted_cypher-1.1.0/src/cypher/result.rs:35:24
[INFO] [stdout]    |
[INFO] [stdout] 35 | #[derive(Clone, Debug, Deserialize)]
[INFO] [stdout]    |                        ^^^^^^^^^^^ could not find `__private` in `_serde`
[INFO] [stdout]    |
[INFO] [stdout]    = note: this error originates in a macro (in Nightly builds, run with -Z macro-backtrace for more info)
[INFO] [stdout] 
[INFO] [stdout] 
[INFO] [stdout] error[E0433]: failed to resolve: could not find `__private` in `_serde`
[INFO] [stdout]   --> /opt/rustwide/cargo-home/registry/src/github.com-1ecc6299db9ec823/rusted_cypher-1.1.0/src/cypher/result.rs:35:24
[INFO] [stdout]    |
[INFO] [stdout] 35 | #[derive(Clone, Debug, Deserialize)]
[INFO] [stdout]    |                        ^^^^^^^^^^^ could not find `__private` in `_serde`
[INFO] [stdout]    |
[INFO] [stdout]    = note: this error originates in a macro (in Nightly builds, run with -Z macro-backtrace for more info)
[INFO] [stdout] 
[INFO] [stdout] 
[INFO] [stdout] error[E0433]: failed to resolve: could not find `__private` in `_serde`
[INFO] [stdout]   --> /opt/rustwide/cargo-home/registry/src/github.com-1ecc6299db9ec823/rusted_cypher-1.1.0/src/cypher/result.rs:35:24
[INFO] [stdout]    |
[INFO] [stdout] 35 | #[derive(Clone, Debug, Deserialize)]
[INFO] [stdout]    |                        ^^^^^^^^^^^ could not find `__private` in `_serde`
[INFO] [stdout]    |
[INFO] [stdout]    = note: this error originates in a macro (in Nightly builds, run with -Z macro-backtrace for more info)
[INFO] [stdout] 
[INFO] [stdout] 
[INFO] [stdout] error[E0433]: failed to resolve: could not find `__private` in `_serde`
[INFO] [stdout]   --> /opt/rustwide/cargo-home/registry/src/github.com-1ecc6299db9ec823/rusted_cypher-1.1.0/src/cypher/result.rs:37:5
[INFO] [stdout]    |
[INFO] [stdout] 37 |     pub columns: Vec<String>,
[INFO] [stdout]    |     ^^^^^^^^^^^^^^^^^^^^^^^^ could not find `__private` in `_serde`
[INFO] [stdout] 
[INFO] [stdout] 
[INFO] [stdout] error[E0433]: failed to resolve: could not find `__private` in `_serde`
[INFO] [stdout]   --> /opt/rustwide/cargo-home/registry/src/github.com-1ecc6299db9ec823/rusted_cypher-1.1.0/src/cypher/result.rs:35:24
[INFO] [stdout]    |
[INFO] [stdout] 35 | #[derive(Clone, Debug, Deserialize)]
[INFO] [stdout]    |                        ^^^^^^^^^^^ could not find `__private` in `_serde`
[INFO] [stdout]    |
[INFO] [stdout]    = note: this error originates in a macro (in Nightly builds, run with -Z macro-backtrace for more info)
[INFO] [stdout] 
[INFO] [stdout] 
[INFO] [stdout] error[E0433]: failed to resolve: could not find `__private` in `_serde`
[INFO] [stdout]   --> /opt/rustwide/cargo-home/registry/src/github.com-1ecc6299db9ec823/rusted_cypher-1.1.0/src/cypher/result.rs:38:5
[INFO] [stdout]    |
[INFO] [stdout] 38 |     pub data: Vec<RowResult>,
[INFO] [stdout]    |     ^^^^^^^^^^^^^^^^^^^^^^^^ could not find `__private` in `_serde`
[INFO] [stdout] 
[INFO] [stdout] 
[INFO] [stdout] error[E0433]: failed to resolve: could not find `__private` in `_serde`
[INFO] [stdout]   --> /opt/rustwide/cargo-home/registry/src/github.com-1ecc6299db9ec823/rusted_cypher-1.1.0/src/cypher/result.rs:35:24
[INFO] [stdout]    |
[INFO] [stdout] 35 | #[derive(Clone, Debug, Deserialize)]
[INFO] [stdout]    |                        ^^^^^^^^^^^ could not find `__private` in `_serde`
[INFO] [stdout]    |
[INFO] [stdout]    = note: this error originates in a macro (in Nightly builds, run with -Z macro-backtrace for more info)
[INFO] [stdout] 
[INFO] [stdout] 
[INFO] [stdout] error[E0433]: failed to resolve: could not find `__private` in `_serde`
[INFO] [stdout]   --> /opt/rustwide/cargo-home/registry/src/github.com-1ecc6299db9ec823/rusted_cypher-1.1.0/src/graph.rs:73:10
[INFO] [stdout]    |
[INFO] [stdout] 73 | #[derive(Deserialize)]
[INFO] [stdout]    |          ^^^^^^^^^^^ could not find `__private` in `_serde`
[INFO] [stdout]    |
[INFO] [stdout]    = note: this error originates in a derive macro (in Nightly builds, run with -Z macro-backtrace for more info)
[INFO] [stdout] 
[INFO] [stdout] 
[INFO] [stdout] error[E0433]: failed to resolve: could not find `__private` in `_serde`
[INFO] [stdout]   --> /opt/rustwide/cargo-home/registry/src/github.com-1ecc6299db9ec823/rusted_cypher-1.1.0/src/graph.rs:73:10
[INFO] [stdout]    |
[INFO] [stdout] 73 | #[derive(Deserialize)]
[INFO] [stdout]    |          ^^^^^^^^^^^ could not find `__private` in `_serde`
[INFO] [stdout]    |
[INFO] [stdout]    = note: this error originates in a macro (in Nightly builds, run with -Z macro-backtrace for more info)
[INFO] [stdout] 
[INFO] [stdout] 
[INFO] [stdout] error[E0433]: failed to resolve: could not find `__private` in `_serde`
[INFO] [stdout]   --> /opt/rustwide/cargo-home/registry/src/github.com-1ecc6299db9ec823/rusted_cypher-1.1.0/src/graph.rs:73:10
[INFO] [stdout]    |
[INFO] [stdout] 73 | #[derive(Deserialize)]
[INFO] [stdout]    |          ^^^^^^^^^^^ could not find `__private` in `_serde`
[INFO] [stdout]    |
[INFO] [stdout]    = note: this error originates in a macro (in Nightly builds, run with -Z macro-backtrace for more info)
[INFO] [stdout] 
[INFO] [stdout] 
[INFO] [stdout] error[E0433]: failed to resolve: could not find `__private` in `_serde`
[INFO] [stdout]   --> /opt/rustwide/cargo-home/registry/src/github.com-1ecc6299db9ec823/rusted_cypher-1.1.0/src/graph.rs:73:10
[INFO] [stdout]    |
[INFO] [stdout] 73 | #[derive(Deserialize)]
[INFO] [stdout]    |          ^^^^^^^^^^^ could not find `__private` in `_serde`
[INFO] [stdout]    |
[INFO] [stdout]    = note: this error originates in a macro (in Nightly builds, run with -Z macro-backtrace for more info)
[INFO] [stdout] 
[INFO] [stdout] 
[INFO] [stdout] error[E0433]: failed to resolve: could not find `__private` in `_serde`
[INFO] [stdout]   --> /opt/rustwide/cargo-home/registry/src/github.com-1ecc6299db9ec823/rusted_cypher-1.1.0/src/graph.rs:73:10
[INFO] [stdout]    |
[INFO] [stdout] 73 | #[derive(Deserialize)]
[INFO] [stdout]    |          ^^^^^^^^^^^ could not find `__private` in `_serde`
[INFO] [stdout]    |
[INFO] [stdout]    = note: this error originates in a macro (in Nightly builds, run with -Z macro-backtrace for more info)
[INFO] [stdout] 
[INFO] [stdout] 
[INFO] [stdout] error[E0433]: failed to resolve: could not find `__private` in `_serde`
[INFO] [stdout]   --> /opt/rustwide/cargo-home/registry/src/github.com-1ecc6299db9ec823/rusted_cypher-1.1.0/src/graph.rs:73:10
[INFO] [stdout]    |
[INFO] [stdout] 73 | #[derive(Deserialize)]
[INFO] [stdout]    |          ^^^^^^^^^^^ could not find `__private` in `_serde`
[INFO] [stdout]    |
[INFO] [stdout]    = note: this error originates in a macro (in Nightly builds, run with -Z macro-backtrace for more info)
[INFO] [stdout] 
[INFO] [stdout] 
[INFO] [stdout] error[E0433]: failed to resolve: could not find `__private` in `_serde`
[INFO] [stdout]   --> /opt/rustwide/cargo-home/registry/src/github.com-1ecc6299db9ec823/rusted_cypher-1.1.0/src/graph.rs:73:10
[INFO] [stdout]    |
[INFO] [stdout] 73 | #[derive(Deserialize)]
[INFO] [stdout]    |          ^^^^^^^^^^^ could not find `__private` in `_serde`
[INFO] [stdout]    |
[INFO] [stdout]    = note: this error originates in a macro (in Nightly builds, run with -Z macro-backtrace for more info)
[INFO] [stdout] 
[INFO] [stdout] 
[INFO] [stdout] error[E0433]: failed to resolve: could not find `__private` in `_serde`
[INFO] [stdout]   --> /opt/rustwide/cargo-home/registry/src/github.com-1ecc6299db9ec823/rusted_cypher-1.1.0/src/graph.rs:73:10
[INFO] [stdout]    |
[INFO] [stdout] 73 | #[derive(Deserialize)]
[INFO] [stdout]    |          ^^^^^^^^^^^ could not find `__private` in `_serde`
[INFO] [stdout]    |
[INFO] [stdout]    = note: this error originates in a macro (in Nightly builds, run with -Z macro-backtrace for more info)
[INFO] [stdout] 
[INFO] [stdout] 
[INFO] [stdout] error[E0433]: failed to resolve: could not find `__private` in `_serde`
[INFO] [stdout]   --> /opt/rustwide/cargo-home/registry/src/github.com-1ecc6299db9ec823/rusted_cypher-1.1.0/src/graph.rs:73:10
[INFO] [stdout]    |
[INFO] [stdout] 73 | #[derive(Deserialize)]
[INFO] [stdout]    |          ^^^^^^^^^^^ could not find `__private` in `_serde`
[INFO] [stdout]    |
[INFO] [stdout]    = note: this error originates in a macro (in Nightly builds, run with -Z macro-backtrace for more info)
[INFO] [stdout] 
[INFO] [stdout] 
[INFO] [stdout] error[E0433]: failed to resolve: could not find `__private` in `_serde`
[INFO] [stdout]   --> /opt/rustwide/cargo-home/registry/src/github.com-1ecc6299db9ec823/rusted_cypher-1.1.0/src/graph.rs:73:10
[INFO] [stdout]    |
[INFO] [stdout] 73 | #[derive(Deserialize)]
[INFO] [stdout]    |          ^^^^^^^^^^^ could not find `__private` in `_serde`
[INFO] [stdout]    |
[INFO] [stdout]    = note: this error originates in a macro (in Nightly builds, run with -Z macro-backtrace for more info)
[INFO] [stdout] 
[INFO] [stdout] 
[INFO] [stdout] error[E0433]: failed to resolve: could not find `__private` in `_serde`
[INFO] [stdout]   --> /opt/rustwide/cargo-home/registry/src/github.com-1ecc6299db9ec823/rusted_cypher-1.1.0/src/graph.rs:73:10
[INFO] [stdout]    |
[INFO] [stdout] 73 | #[derive(Deserialize)]
[INFO] [stdout]    |          ^^^^^^^^^^^ could not find `__private` in `_serde`
[INFO] [stdout]    |
[INFO] [stdout]    = note: this error originates in a macro (in Nightly builds, run with -Z macro-backtrace for more info)
[INFO] [stdout] 
[INFO] [stdout] 
[INFO] [stdout] error[E0433]: failed to resolve: could not find `__private` in `_serde`
[INFO] [stdout]   --> /opt/rustwide/cargo-home/registry/src/github.com-1ecc6299db9ec823/rusted_cypher-1.1.0/src/graph.rs:73:10
[INFO] [stdout]    |
[INFO] [stdout] 73 | #[derive(Deserialize)]
[INFO] [stdout]    |          ^^^^^^^^^^^ could not find `__private` in `_serde`
[INFO] [stdout]    |
[INFO] [stdout]    = note: this error originates in a macro (in Nightly builds, run with -Z macro-backtrace for more info)
[INFO] [stdout] 
[INFO] [stdout] 
[INFO] [stdout] error[E0433]: failed to resolve: could not find `__private` in `_serde`
[INFO] [stdout]   --> /opt/rustwide/cargo-home/registry/src/github.com-1ecc6299db9ec823/rusted_cypher-1.1.0/src/graph.rs:73:10
[INFO] [stdout]    |
[INFO] [stdout] 73 | #[derive(Deserialize)]
[INFO] [stdout]    |          ^^^^^^^^^^^ could not find `__private` in `_serde`
[INFO] [stdout]    |
[INFO] [stdout]    = note: this error originates in a macro (in Nightly builds, run with -Z macro-backtrace for more info)
[INFO] [stdout] 
[INFO] [stdout] 
[INFO] [stdout] error[E0433]: failed to resolve: could not find `__private` in `_serde`
[INFO] [stdout]   --> /opt/rustwide/cargo-home/registry/src/github.com-1ecc6299db9ec823/rusted_cypher-1.1.0/src/graph.rs:73:10
[INFO] [stdout]    |
[INFO] [stdout] 73 | #[derive(Deserialize)]
[INFO] [stdout]    |          ^^^^^^^^^^^ could not find `__private` in `_serde`
[INFO] [stdout]    |
[INFO] [stdout]    = note: this error originates in a macro (in Nightly builds, run with -Z macro-backtrace for more info)
[INFO] [stdout] 
[INFO] [stdout] 
[INFO] [stdout] error[E0433]: failed to resolve: could not find `__private` in `_serde`
[INFO] [stdout]   --> /opt/rustwide/cargo-home/registry/src/github.com-1ecc6299db9ec823/rusted_cypher-1.1.0/src/graph.rs:73:10
[INFO] [stdout]    |
[INFO] [stdout] 73 | #[derive(Deserialize)]
[INFO] [stdout]    |          ^^^^^^^^^^^ could not find `__private` in `_serde`
[INFO] [stdout]    |
[INFO] [stdout]    = note: this error originates in a macro (in Nightly builds, run with -Z macro-backtrace for more info)
[INFO] [stdout] 
[INFO] [stdout] 
[INFO] [stdout] error[E0433]: failed to resolve: could not find `__private` in `_serde`
[INFO] [stdout]   --> /opt/rustwide/cargo-home/registry/src/github.com-1ecc6299db9ec823/rusted_cypher-1.1.0/src/graph.rs:73:10
[INFO] [stdout]    |
[INFO] [stdout] 73 | #[derive(Deserialize)]
[INFO] [stdout]    |          ^^^^^^^^^^^ could not find `__private` in `_serde`
[INFO] [stdout]    |
[INFO] [stdout]    = note: this error originates in a macro (in Nightly builds, run with -Z macro-backtrace for more info)
[INFO] [stdout] 
[INFO] [stdout] 
[INFO] [stdout] error[E0433]: failed to resolve: could not find `__private` in `_serde`
[INFO] [stdout]   --> /opt/rustwide/cargo-home/registry/src/github.com-1ecc6299db9ec823/rusted_cypher-1.1.0/src/graph.rs:73:10
[INFO] [stdout]    |
[INFO] [stdout] 73 | #[derive(Deserialize)]
[INFO] [stdout]    |          ^^^^^^^^^^^ could not find `__private` in `_serde`
[INFO] [stdout]    |
[INFO] [stdout]    = note: this error originates in a macro (in Nightly builds, run with -Z macro-backtrace for more info)
[INFO] [stdout] 
[INFO] [stdout] 
[INFO] [stdout] error[E0433]: failed to resolve: could not find `__private` in `_serde`
[INFO] [stdout]   --> /opt/rustwide/cargo-home/registry/src/github.com-1ecc6299db9ec823/rusted_cypher-1.1.0/src/graph.rs:73:10
[INFO] [stdout]    |
[INFO] [stdout] 73 | #[derive(Deserialize)]
[INFO] [stdout]    |          ^^^^^^^^^^^ could not find `__private` in `_serde`
[INFO] [stdout]    |
[INFO] [stdout]    = note: this error originates in a macro (in Nightly builds, run with -Z macro-backtrace for more info)
[INFO] [stdout] 
[INFO] [stdout] 
[INFO] [stdout] error[E0433]: failed to resolve: could not find `__private` in `_serde`
[INFO] [stdout]   --> /opt/rustwide/cargo-home/registry/src/github.com-1ecc6299db9ec823/rusted_cypher-1.1.0/src/graph.rs:73:10
[INFO] [stdout]    |
[INFO] [stdout] 73 | #[derive(Deserialize)]
[INFO] [stdout]    |          ^^^^^^^^^^^ could not find `__private` in `_serde`
[INFO] [stdout]    |
[INFO] [stdout]    = note: this error originates in a macro (in Nightly builds, run with -Z macro-backtrace for more info)
[INFO] [stdout] 
[INFO] [stdout] 
[INFO] [stdout] error[E0433]: failed to resolve: could not find `__private` in `_serde`
[INFO] [stdout]   --> /opt/rustwide/cargo-home/registry/src/github.com-1ecc6299db9ec823/rusted_cypher-1.1.0/src/graph.rs:73:10
[INFO] [stdout]    |
[INFO] [stdout] 73 | #[derive(Deserialize)]
[INFO] [stdout]    |          ^^^^^^^^^^^ could not find `__private` in `_serde`
[INFO] [stdout]    |
[INFO] [stdout]    = note: this error originates in a macro (in Nightly builds, run with -Z macro-backtrace for more info)
[INFO] [stdout] 
[INFO] [stdout] 
[INFO] [stdout] error[E0433]: failed to resolve: could not find `__private` in `_serde`
[INFO] [stdout]   --> /opt/rustwide/cargo-home/registry/src/github.com-1ecc6299db9ec823/rusted_cypher-1.1.0/src/graph.rs:73:10
[INFO] [stdout]    |
[INFO] [stdout] 73 | #[derive(Deserialize)]
[INFO] [stdout]    |          ^^^^^^^^^^^ could not find `__private` in `_serde`
[INFO] [stdout]    |
[INFO] [stdout]    = note: this error originates in a macro (in Nightly builds, run with -Z macro-backtrace for more info)
[INFO] [stdout] 
[INFO] [stdout] 
[INFO] [stdout] error[E0433]: failed to resolve: could not find `__private` in `_serde`
[INFO] [stdout]   --> /opt/rustwide/cargo-home/registry/src/github.com-1ecc6299db9ec823/rusted_cypher-1.1.0/src/graph.rs:73:10
[INFO] [stdout]    |
[INFO] [stdout] 73 | #[derive(Deserialize)]
[INFO] [stdout]    |          ^^^^^^^^^^^ could not find `__private` in `_serde`
[INFO] [stdout]    |
[INFO] [stdout]    = note: this error originates in a macro (in Nightly builds, run with -Z macro-backtrace for more info)
[INFO] [stdout] 
[INFO] [stdout] 
[INFO] [stdout] error[E0433]: failed to resolve: could not find `__private` in `_serde`
[INFO] [stdout]   --> /opt/rustwide/cargo-home/registry/src/github.com-1ecc6299db9ec823/rusted_cypher-1.1.0/src/graph.rs:73:10
[INFO] [stdout]    |
[INFO] [stdout] 73 | #[derive(Deserialize)]
[INFO] [stdout]    |          ^^^^^^^^^^^ could not find `__private` in `_serde`
[INFO] [stdout]    |
[INFO] [stdout]    = note: this error originates in a macro (in Nightly builds, run with -Z macro-backtrace for more info)
[INFO] [stdout] 
[INFO] [stdout] 
[INFO] [stdout] error[E0433]: failed to resolve: could not find `__private` in `_serde`
[INFO] [stdout]   --> /opt/rustwide/cargo-home/registry/src/github.com-1ecc6299db9ec823/rusted_cypher-1.1.0/src/graph.rs:73:10
[INFO] [stdout]    |
[INFO] [stdout] 73 | #[derive(Deserialize)]
[INFO] [stdout]    |          ^^^^^^^^^^^ could not find `__private` in `_serde`
[INFO] [stdout]    |
[INFO] [stdout]    = note: this error originates in a macro (in Nightly builds, run with -Z macro-backtrace for more info)
[INFO] [stdout] 
[INFO] [stdout] 
[INFO] [stdout] error[E0433]: failed to resolve: could not find `__private` in `_serde`
[INFO] [stdout]   --> /opt/rustwide/cargo-home/registry/src/github.com-1ecc6299db9ec823/rusted_cypher-1.1.0/src/graph.rs:73:10
[INFO] [stdout]    |
[INFO] [stdout] 73 | #[derive(Deserialize)]
[INFO] [stdout]    |          ^^^^^^^^^^^ could not find `__private` in `_serde`
[INFO] [stdout]    |
[INFO] [stdout]    = note: this error originates in a macro (in Nightly builds, run with -Z macro-backtrace for more info)
[INFO] [stdout] 
[INFO] [stdout] 
[INFO] [stdout] error[E0433]: failed to resolve: could not find `__private` in `_serde`
[INFO] [stdout]   --> /opt/rustwide/cargo-home/registry/src/github.com-1ecc6299db9ec823/rusted_cypher-1.1.0/src/graph.rs:73:10
[INFO] [stdout]    |
[INFO] [stdout] 73 | #[derive(Deserialize)]
[INFO] [stdout]    |          ^^^^^^^^^^^ could not find `__private` in `_serde`
[INFO] [stdout]    |
[INFO] [stdout]    = note: this error originates in a macro (in Nightly builds, run with -Z macro-backtrace for more info)
[INFO] [stdout] 
[INFO] [stdout] 
[INFO] [stdout] error[E0433]: failed to resolve: could not find `__private` in `_serde`
[INFO] [stdout]   --> /opt/rustwide/cargo-home/registry/src/github.com-1ecc6299db9ec823/rusted_cypher-1.1.0/src/graph.rs:73:10
[INFO] [stdout]    |
[INFO] [stdout] 73 | #[derive(Deserialize)]
[INFO] [stdout]    |          ^^^^^^^^^^^ could not find `__private` in `_serde`
[INFO] [stdout]    |
[INFO] [stdout]    = note: this error originates in a macro (in Nightly builds, run with -Z macro-backtrace for more info)
[INFO] [stdout] 
[INFO] [stdout] 
[INFO] [stdout] error[E0433]: failed to resolve: could not find `__private` in `_serde`
[INFO] [stdout]   --> /opt/rustwide/cargo-home/registry/src/github.com-1ecc6299db9ec823/rusted_cypher-1.1.0/src/graph.rs:73:10
[INFO] [stdout]    |
[INFO] [stdout] 73 | #[derive(Deserialize)]
[INFO] [stdout]    |          ^^^^^^^^^^^ could not find `__private` in `_serde`
[INFO] [stdout]    |
[INFO] [stdout]    = note: this error originates in a macro (in Nightly builds, run with -Z macro-backtrace for more info)
[INFO] [stdout] 
[INFO] [stdout] 
[INFO] [stdout] error[E0433]: failed to resolve: could not find `__private` in `_serde`
[INFO] [stdout]   --> /opt/rustwide/cargo-home/registry/src/github.com-1ecc6299db9ec823/rusted_cypher-1.1.0/src/graph.rs:73:10
[INFO] [stdout]    |
[INFO] [stdout] 73 | #[derive(Deserialize)]
[INFO] [stdout]    |          ^^^^^^^^^^^ could not find `__private` in `_serde`
[INFO] [stdout]    |
[INFO] [stdout]    = note: this error originates in a macro (in Nightly builds, run with -Z macro-backtrace for more info)
[INFO] [stdout] 
[INFO] [stdout] 
[INFO] [stdout] error[E0433]: failed to resolve: could not find `__private` in `_serde`
[INFO] [stdout]   --> /opt/rustwide/cargo-home/registry/src/github.com-1ecc6299db9ec823/rusted_cypher-1.1.0/src/graph.rs:75:5
[INFO] [stdout]    |
[INFO] [stdout] 75 |     pub extensions: BTreeMap<String, Value>,
[INFO] [stdout]    |     ^^^^^^^^^^^^^^^^^^^^^^^^^^^^^^^^^^^^^^^ could not find `__private` in `_serde`
[INFO] [stdout] 
[INFO] [stdout] 
[INFO] [stdout] error[E0433]: failed to resolve: could not find `__private` in `_serde`
[INFO] [stdout]   --> /opt/rustwide/cargo-home/registry/src/github.com-1ecc6299db9ec823/rusted_cypher-1.1.0/src/graph.rs:73:10
[INFO] [stdout]    |
[INFO] [stdout] 73 | #[derive(Deserialize)]
[INFO] [stdout]    |          ^^^^^^^^^^^ could not find `__private` in `_serde`
[INFO] [stdout]    |
[INFO] [stdout]    = note: this error originates in a macro (in Nightly builds, run with -Z macro-backtrace for more info)
[INFO] [stdout] 
[INFO] [stdout] 
[INFO] [stdout] error[E0433]: failed to resolve: could not find `__private` in `_serde`
[INFO] [stdout]   --> /opt/rustwide/cargo-home/registry/src/github.com-1ecc6299db9ec823/rusted_cypher-1.1.0/src/graph.rs:76:5
[INFO] [stdout]    |
[INFO] [stdout] 76 |     pub node: String,
[INFO] [stdout]    |     ^^^^^^^^^^^^^^^^ could not find `__private` in `_serde`
[INFO] [stdout] 
[INFO] [stdout] 
[INFO] [stdout] error[E0433]: failed to resolve: could not find `__private` in `_serde`
[INFO] [stdout]   --> /opt/rustwide/cargo-home/registry/src/github.com-1ecc6299db9ec823/rusted_cypher-1.1.0/src/graph.rs:73:10
[INFO] [stdout]    |
[INFO] [stdout] 73 | #[derive(Deserialize)]
[INFO] [stdout]    |          ^^^^^^^^^^^ could not find `__private` in `_serde`
[INFO] [stdout]    |
[INFO] [stdout]    = note: this error originates in a macro (in Nightly builds, run with -Z macro-backtrace for more info)
[INFO] [stdout] 
[INFO] [stdout] 
[INFO] [stdout] error[E0433]: failed to resolve: could not find `__private` in `_serde`
[INFO] [stdout]   --> /opt/rustwide/cargo-home/registry/src/github.com-1ecc6299db9ec823/rusted_cypher-1.1.0/src/graph.rs:77:5
[INFO] [stdout]    |
[INFO] [stdout] 77 |     pub node_index: String,
[INFO] [stdout]    |     ^^^^^^^^^^^^^^^^^^^^^^ could not find `__private` in `_serde`
[INFO] [stdout] 
[INFO] [stdout] 
[INFO] [stdout] error[E0433]: failed to resolve: could not find `__private` in `_serde`
[INFO] [stdout]   --> /opt/rustwide/cargo-home/registry/src/github.com-1ecc6299db9ec823/rusted_cypher-1.1.0/src/graph.rs:73:10
[INFO] [stdout]    |
[INFO] [stdout] 73 | #[derive(Deserialize)]
[INFO] [stdout]    |          ^^^^^^^^^^^ could not find `__private` in `_serde`
[INFO] [stdout]    |
[INFO] [stdout]    = note: this error originates in a macro (in Nightly builds, run with -Z macro-backtrace for more info)
[INFO] [stdout] 
[INFO] [stdout] 
[INFO] [stdout] error[E0433]: failed to resolve: could not find `__private` in `_serde`
[INFO] [stdout]   --> /opt/rustwide/cargo-home/registry/src/github.com-1ecc6299db9ec823/rusted_cypher-1.1.0/src/graph.rs:78:5
[INFO] [stdout]    |
[INFO] [stdout] 78 |     pub relationship_index: String,
[INFO] [stdout]    |     ^^^^^^^^^^^^^^^^^^^^^^^^^^^^^^ could not find `__private` in `_serde`
[INFO] [stdout] 
[INFO] [stdout] 
[INFO] [stdout] error[E0433]: failed to resolve: could not find `__private` in `_serde`
[INFO] [stdout]   --> /opt/rustwide/cargo-home/registry/src/github.com-1ecc6299db9ec823/rusted_cypher-1.1.0/src/graph.rs:73:10
[INFO] [stdout]    |
[INFO] [stdout] 73 | #[derive(Deserialize)]
[INFO] [stdout]    |          ^^^^^^^^^^^ could not find `__private` in `_serde`
[INFO] [stdout]    |
[INFO] [stdout]    = note: this error originates in a macro (in Nightly builds, run with -Z macro-backtrace for more info)
[INFO] [stdout] 
[INFO] [stdout] 
[INFO] [stdout] error[E0433]: failed to resolve: could not find `__private` in `_serde`
[INFO] [stdout]   --> /opt/rustwide/cargo-home/registry/src/github.com-1ecc6299db9ec823/rusted_cypher-1.1.0/src/graph.rs:79:5
[INFO] [stdout]    |
[INFO] [stdout] 79 |     pub extensions_info: String,
[INFO] [stdout]    |     ^^^^^^^^^^^^^^^^^^^^^^^^^^^ could not find `__private` in `_serde`
[INFO] [stdout] 
[INFO] [stdout] 
[INFO] [stdout] error[E0433]: failed to resolve: could not find `__private` in `_serde`
[INFO] [stdout]   --> /opt/rustwide/cargo-home/registry/src/github.com-1ecc6299db9ec823/rusted_cypher-1.1.0/src/graph.rs:73:10
[INFO] [stdout]    |
[INFO] [stdout] 73 | #[derive(Deserialize)]
[INFO] [stdout]    |          ^^^^^^^^^^^ could not find `__private` in `_serde`
[INFO] [stdout]    |
[INFO] [stdout]    = note: this error originates in a macro (in Nightly builds, run with -Z macro-backtrace for more info)
[INFO] [stdout] 
[INFO] [stdout] 
[INFO] [stdout] error[E0433]: failed to resolve: could not find `__private` in `_serde`
[INFO] [stdout]   --> /opt/rustwide/cargo-home/registry/src/github.com-1ecc6299db9ec823/rusted_cypher-1.1.0/src/graph.rs:80:5
[INFO] [stdout]    |
[INFO] [stdout] 80 |     pub relationship_types: String,
[INFO] [stdout]    |     ^^^^^^^^^^^^^^^^^^^^^^^^^^^^^^ could not find `__private` in `_serde`
[INFO] [stdout] 
[INFO] [stdout] 
[INFO] [stdout] error[E0433]: failed to resolve: could not find `__private` in `_serde`
[INFO] [stdout]   --> /opt/rustwide/cargo-home/registry/src/github.com-1ecc6299db9ec823/rusted_cypher-1.1.0/src/graph.rs:73:10
[INFO] [stdout]    |
[INFO] [stdout] 73 | #[derive(Deserialize)]
[INFO] [stdout]    |          ^^^^^^^^^^^ could not find `__private` in `_serde`
[INFO] [stdout]    |
[INFO] [stdout]    = note: this error originates in a macro (in Nightly builds, run with -Z macro-backtrace for more info)
[INFO] [stdout] 
[INFO] [stdout] 
[INFO] [stdout] error[E0433]: failed to resolve: could not find `__private` in `_serde`
[INFO] [stdout]   --> /opt/rustwide/cargo-home/registry/src/github.com-1ecc6299db9ec823/rusted_cypher-1.1.0/src/graph.rs:81:5
[INFO] [stdout]    |
[INFO] [stdout] 81 |     pub batch: String,
[INFO] [stdout]    |     ^^^^^^^^^^^^^^^^^ could not find `__private` in `_serde`
[INFO] [stdout] 
[INFO] [stdout] 
[INFO] [stdout] error[E0433]: failed to resolve: could not find `__private` in `_serde`
[INFO] [stdout]   --> /opt/rustwide/cargo-home/registry/src/github.com-1ecc6299db9ec823/rusted_cypher-1.1.0/src/graph.rs:73:10
[INFO] [stdout]    |
[INFO] [stdout] 73 | #[derive(Deserialize)]
[INFO] [stdout]    |          ^^^^^^^^^^^ could not find `__private` in `_serde`
[INFO] [stdout]    |
[INFO] [stdout]    = note: this error originates in a macro (in Nightly builds, run with -Z macro-backtrace for more info)
[INFO] [stdout] 
[INFO] [stdout] 
[INFO] [stdout] error[E0433]: failed to resolve: could not find `__private` in `_serde`
[INFO] [stdout]   --> /opt/rustwide/cargo-home/registry/src/github.com-1ecc6299db9ec823/rusted_cypher-1.1.0/src/graph.rs:82:5
[INFO] [stdout]    |
[INFO] [stdout] 82 |     pub cypher: String,
[INFO] [stdout]    |     ^^^^^^^^^^^^^^^^^^ could not find `__private` in `_serde`
[INFO] [stdout] 
[INFO] [stdout] 
[INFO] [stdout] error[E0433]: failed to resolve: could not find `__private` in `_serde`
[INFO] [stdout]   --> /opt/rustwide/cargo-home/registry/src/github.com-1ecc6299db9ec823/rusted_cypher-1.1.0/src/graph.rs:73:10
[INFO] [stdout]    |
[INFO] [stdout] 73 | #[derive(Deserialize)]
[INFO] [stdout]    |          ^^^^^^^^^^^ could not find `__private` in `_serde`
[INFO] [stdout]    |
[INFO] [stdout]    = note: this error originates in a macro (in Nightly builds, run with -Z macro-backtrace for more info)
[INFO] [stdout] 
[INFO] [stdout] 
[INFO] [stdout] error[E0433]: failed to resolve: could not find `__private` in `_serde`
[INFO] [stdout]   --> /opt/rustwide/cargo-home/registry/src/github.com-1ecc6299db9ec823/rusted_cypher-1.1.0/src/graph.rs:83:5
[INFO] [stdout]    |
[INFO] [stdout] 83 |     pub indexes: String,
[INFO] [stdout]    |     ^^^^^^^^^^^^^^^^^^^ could not find `__private` in `_serde`
[INFO] [stdout] 
[INFO] [stdout] 
[INFO] [stdout] error[E0433]: failed to resolve: could not find `__private` in `_serde`
[INFO] [stdout]   --> /opt/rustwide/cargo-home/registry/src/github.com-1ecc6299db9ec823/rusted_cypher-1.1.0/src/graph.rs:73:10
[INFO] [stdout]    |
[INFO] [stdout] 73 | #[derive(Deserialize)]
[INFO] [stdout]    |          ^^^^^^^^^^^ could not find `__private` in `_serde`
[INFO] [stdout]    |
[INFO] [stdout]    = note: this error originates in a macro (in Nightly builds, run with -Z macro-backtrace for more info)
[INFO] [stdout] 
[INFO] [stdout] 
[INFO] [stdout] error[E0433]: failed to resolve: could not find `__private` in `_serde`
[INFO] [stdout]   --> /opt/rustwide/cargo-home/registry/src/github.com-1ecc6299db9ec823/rusted_cypher-1.1.0/src/graph.rs:84:5
[INFO] [stdout]    |
[INFO] [stdout] 84 |     pub constraints: String,
[INFO] [stdout]    |     ^^^^^^^^^^^^^^^^^^^^^^^ could not find `__private` in `_serde`
[INFO] [stdout] 
[INFO] [stdout] 
[INFO] [stdout] error[E0433]: failed to resolve: could not find `__private` in `_serde`
[INFO] [stdout]   --> /opt/rustwide/cargo-home/registry/src/github.com-1ecc6299db9ec823/rusted_cypher-1.1.0/src/graph.rs:73:10
[INFO] [stdout]    |
[INFO] [stdout] 73 | #[derive(Deserialize)]
[INFO] [stdout]    |          ^^^^^^^^^^^ could not find `__private` in `_serde`
[INFO] [stdout]    |
[INFO] [stdout]    = note: this error originates in a macro (in Nightly builds, run with -Z macro-backtrace for more info)
[INFO] [stdout] 
[INFO] [stdout] 
[INFO] [stdout] error[E0433]: failed to resolve: could not find `__private` in `_serde`
[INFO] [stdout]   --> /opt/rustwide/cargo-home/registry/src/github.com-1ecc6299db9ec823/rusted_cypher-1.1.0/src/graph.rs:85:5
[INFO] [stdout]    |
[INFO] [stdout] 85 |     pub transaction: String,
[INFO] [stdout]    |     ^^^^^^^^^^^^^^^^^^^^^^^ could not find `__private` in `_serde`
[INFO] [stdout] 
[INFO] [stdout] 
[INFO] [stdout] error[E0433]: failed to resolve: could not find `__private` in `_serde`
[INFO] [stdout]   --> /opt/rustwide/cargo-home/registry/src/github.com-1ecc6299db9ec823/rusted_cypher-1.1.0/src/graph.rs:73:10
[INFO] [stdout]    |
[INFO] [stdout] 73 | #[derive(Deserialize)]
[INFO] [stdout]    |          ^^^^^^^^^^^ could not find `__private` in `_serde`
[INFO] [stdout]    |
[INFO] [stdout]    = note: this error originates in a macro (in Nightly builds, run with -Z macro-backtrace for more info)
[INFO] [stdout] 
[INFO] [stdout] 
[INFO] [stdout] error[E0433]: failed to resolve: could not find `__private` in `_serde`
[INFO] [stdout]   --> /opt/rustwide/cargo-home/registry/src/github.com-1ecc6299db9ec823/rusted_cypher-1.1.0/src/graph.rs:86:5
[INFO] [stdout]    |
[INFO] [stdout] 86 |     pub node_labels: String,
[INFO] [stdout]    |     ^^^^^^^^^^^^^^^^^^^^^^^ could not find `__private` in `_serde`
[INFO] [stdout] 
[INFO] [stdout] 
[INFO] [stdout] error[E0433]: failed to resolve: could not find `__private` in `_serde`
[INFO] [stdout]   --> /opt/rustwide/cargo-home/registry/src/github.com-1ecc6299db9ec823/rusted_cypher-1.1.0/src/graph.rs:73:10
[INFO] [stdout]    |
[INFO] [stdout] 73 | #[derive(Deserialize)]
[INFO] [stdout]    |          ^^^^^^^^^^^ could not find `__private` in `_serde`
[INFO] [stdout]    |
[INFO] [stdout]    = note: this error originates in a macro (in Nightly builds, run with -Z macro-backtrace for more info)
[INFO] [stdout] 
[INFO] [stdout] 
[INFO] [stdout] error[E0433]: failed to resolve: could not find `__private` in `_serde`
[INFO] [stdout]   --> /opt/rustwide/cargo-home/registry/src/github.com-1ecc6299db9ec823/rusted_cypher-1.1.0/src/graph.rs:87:5
[INFO] [stdout]    |
[INFO] [stdout] 87 |     pub neo4j_version: String,
[INFO] [stdout]    |     ^^^^^^^^^^^^^^^^^^^^^^^^^ could not find `__private` in `_serde`
[INFO] [stdout] 
[INFO] [stdout] 
[INFO] [stdout] error[E0433]: failed to resolve: could not find `__private` in `_serde`
[INFO] [stdout]   --> /opt/rustwide/cargo-home/registry/src/github.com-1ecc6299db9ec823/rusted_cypher-1.1.0/src/graph.rs:73:10
[INFO] [stdout]    |
[INFO] [stdout] 73 | #[derive(Deserialize)]
[INFO] [stdout]    |          ^^^^^^^^^^^ could not find `__private` in `_serde`
[INFO] [stdout]    |
[INFO] [stdout]    = note: this error originates in a macro (in Nightly builds, run with -Z macro-backtrace for more info)
[INFO] [stdout] 
[INFO] [stdout] 
[INFO] [stdout] error[E0433]: failed to resolve: could not find `__private` in `_serde`
[INFO] [stdout]   --> /opt/rustwide/cargo-home/registry/src/github.com-1ecc6299db9ec823/rusted_cypher-1.1.0/src/error.rs:12:24
[INFO] [stdout]    |
[INFO] [stdout] 12 | #[derive(Clone, Debug, Deserialize)]
[INFO] [stdout]    |                        ^^^^^^^^^^^ could not find `__private` in `_serde`
[INFO] [stdout]    |
[INFO] [stdout]    = note: this error originates in a derive macro (in Nightly builds, run with -Z macro-backtrace for more info)
[INFO] [stdout] 
[INFO] [stdout] 
[INFO] [stdout] error[E0433]: failed to resolve: could not find `__private` in `_serde`
[INFO] [stdout]   --> /opt/rustwide/cargo-home/registry/src/github.com-1ecc6299db9ec823/rusted_cypher-1.1.0/src/error.rs:12:24
[INFO] [stdout]    |
[INFO] [stdout] 12 | #[derive(Clone, Debug, Deserialize)]
[INFO] [stdout]    |                        ^^^^^^^^^^^ could not find `__private` in `_serde`
[INFO] [stdout]    |
[INFO] [stdout]    = note: this error originates in a macro (in Nightly builds, run with -Z macro-backtrace for more info)
[INFO] [stdout] 
[INFO] [stdout] 
[INFO] [stdout] error[E0433]: failed to resolve: could not find `__private` in `_serde`
[INFO] [stdout]   --> /opt/rustwide/cargo-home/registry/src/github.com-1ecc6299db9ec823/rusted_cypher-1.1.0/src/error.rs:12:24
[INFO] [stdout]    |
[INFO] [stdout] 12 | #[derive(Clone, Debug, Deserialize)]
[INFO] [stdout]    |                        ^^^^^^^^^^^ could not find `__private` in `_serde`
[INFO] [stdout]    |
[INFO] [stdout]    = note: this error originates in a macro (in Nightly builds, run with -Z macro-backtrace for more info)
[INFO] [stdout] 
[INFO] [stdout] 
[INFO] [stdout] error[E0433]: failed to resolve: could not find `__private` in `_serde`
[INFO] [stdout]   --> /opt/rustwide/cargo-home/registry/src/github.com-1ecc6299db9ec823/rusted_cypher-1.1.0/src/error.rs:12:24
[INFO] [stdout]    |
[INFO] [stdout] 12 | #[derive(Clone, Debug, Deserialize)]
[INFO] [stdout]    |                        ^^^^^^^^^^^ could not find `__private` in `_serde`
[INFO] [stdout]    |
[INFO] [stdout]    = note: this error originates in a macro (in Nightly builds, run with -Z macro-backtrace for more info)
[INFO] [stdout] 
[INFO] [stdout] 
[INFO] [stdout] error[E0433]: failed to resolve: could not find `__private` in `_serde`
[INFO] [stdout]   --> /opt/rustwide/cargo-home/registry/src/github.com-1ecc6299db9ec823/rusted_cypher-1.1.0/src/error.rs:12:24
[INFO] [stdout]    |
[INFO] [stdout] 12 | #[derive(Clone, Debug, Deserialize)]
[INFO] [stdout]    |                        ^^^^^^^^^^^ could not find `__private` in `_serde`
[INFO] [stdout]    |
[INFO] [stdout]    = note: this error originates in a macro (in Nightly builds, run with -Z macro-backtrace for more info)
[INFO] [stdout] 
[INFO] [stdout] 
[INFO] [stdout] error[E0433]: failed to resolve: could not find `__private` in `_serde`
[INFO] [stdout]   --> /opt/rustwide/cargo-home/registry/src/github.com-1ecc6299db9ec823/rusted_cypher-1.1.0/src/error.rs:12:24
[INFO] [stdout]    |
[INFO] [stdout] 12 | #[derive(Clone, Debug, Deserialize)]
[INFO] [stdout]    |                        ^^^^^^^^^^^ could not find `__private` in `_serde`
[INFO] [stdout]    |
[INFO] [stdout]    = note: this error originates in a macro (in Nightly builds, run with -Z macro-backtrace for more info)
[INFO] [stdout] 
[INFO] [stdout] 
[INFO] [stdout] error[E0433]: failed to resolve: could not find `__private` in `_serde`
[INFO] [stdout]   --> /opt/rustwide/cargo-home/registry/src/github.com-1ecc6299db9ec823/rusted_cypher-1.1.0/src/error.rs:12:24
[INFO] [stdout]    |
[INFO] [stdout] 12 | #[derive(Clone, Debug, Deserialize)]
[INFO] [stdout]    |                        ^^^^^^^^^^^ could not find `__private` in `_serde`
[INFO] [stdout]    |
[INFO] [stdout]    = note: this error originates in a macro (in Nightly builds, run with -Z macro-backtrace for more info)
[INFO] [stdout] 
[INFO] [stdout] 
[INFO] [stdout] error[E0433]: failed to resolve: could not find `__private` in `_serde`
[INFO] [stdout]   --> /opt/rustwide/cargo-home/registry/src/github.com-1ecc6299db9ec823/rusted_cypher-1.1.0/src/error.rs:14:5
[INFO] [stdout]    |
[INFO] [stdout] 14 |     pub message: String,
[INFO] [stdout]    |     ^^^^^^^^^^^^^^^^^^^ could not find `__private` in `_serde`
[INFO] [stdout] 
[INFO] [stdout] 
[INFO] [stdout] error[E0433]: failed to resolve: could not find `__private` in `_serde`
[INFO] [stdout]   --> /opt/rustwide/cargo-home/registry/src/github.com-1ecc6299db9ec823/rusted_cypher-1.1.0/src/error.rs:12:24
[INFO] [stdout]    |
[INFO] [stdout] 12 | #[derive(Clone, Debug, Deserialize)]
[INFO] [stdout]    |                        ^^^^^^^^^^^ could not find `__private` in `_serde`
[INFO] [stdout]    |
[INFO] [stdout]    = note: this error originates in a macro (in Nightly builds, run with -Z macro-backtrace for more info)
[INFO] [stdout] 
[INFO] [stdout] 
[INFO] [stdout] error[E0433]: failed to resolve: could not find `__private` in `_serde`
[INFO] [stdout]   --> /opt/rustwide/cargo-home/registry/src/github.com-1ecc6299db9ec823/rusted_cypher-1.1.0/src/error.rs:15:5
[INFO] [stdout]    |
[INFO] [stdout] 15 |     pub code: String,
[INFO] [stdout]    |     ^^^^^^^^^^^^^^^^ could not find `__private` in `_serde`
[INFO] [stdout] 
[INFO] [stdout] 
[INFO] [stdout] error[E0433]: failed to resolve: could not find `__private` in `_serde`
[INFO] [stdout]   --> /opt/rustwide/cargo-home/registry/src/github.com-1ecc6299db9ec823/rusted_cypher-1.1.0/src/error.rs:12:24
[INFO] [stdout]    |
[INFO] [stdout] 12 | #[derive(Clone, Debug, Deserialize)]
[INFO] [stdout]    |                        ^^^^^^^^^^^ could not find `__private` in `_serde`
[INFO] [stdout]    |
[INFO] [stdout]    = note: this error originates in a macro (in Nightly builds, run with -Z macro-backtrace for more info)
[INFO] [stdout] 
[INFO] [stdout] 
[INFO] [stdout] error[E0433]: failed to resolve: could not find `__private` in `_serde`
[INFO] [stdout]    --> /opt/rustwide/cargo-home/registry/src/github.com-1ecc6299db9ec823/rusted_cypher-1.1.0/src/cypher/transaction.rs:115:17
[INFO] [stdout]     |
[INFO] [stdout] 115 | #[derive(Debug, Deserialize)]
[INFO] [stdout]     |                 ^^^^^^^^^^^ not found in `_serde::__private`
[INFO] [stdout]     |
[INFO] [stdout]     = note: this error originates in a derive macro (in Nightly builds, run with -Z macro-backtrace for more info)
[INFO] [stdout] help: consider importing one of these items
[INFO] [stdout]     |
[INFO] [stdout] 99  | use cypher::json_ser::Formatter;
[INFO] [stdout]     |
[INFO] [stdout] 99  | use serde::export::Formatter;
[INFO] [stdout]     |
[INFO] [stdout] 
[INFO] [stdout] 
[INFO] [stdout] error[E0433]: failed to resolve: could not find `__private` in `_serde`
[INFO] [stdout]    --> /opt/rustwide/cargo-home/registry/src/github.com-1ecc6299db9ec823/rusted_cypher-1.1.0/src/cypher/transaction.rs:115:17
[INFO] [stdout]     |
[INFO] [stdout] 115 | #[derive(Debug, Deserialize)]
[INFO] [stdout]     |                 ^^^^^^^^^^^ not found in `_serde::__private`
[INFO] [stdout]     |
[INFO] [stdout]     = note: this error originates in a derive macro (in Nightly builds, run with -Z macro-backtrace for more info)
[INFO] [stdout] help: consider importing this enum
[INFO] [stdout]     |
[INFO] [stdout] 99  | use serde::export::Option;
[INFO] [stdout]     |
[INFO] [stdout] 
[INFO] [stdout] 
[INFO] [stdout] error[E0433]: failed to resolve: could not find `__private` in `_serde`
[INFO] [stdout]    --> /opt/rustwide/cargo-home/registry/src/github.com-1ecc6299db9ec823/rusted_cypher-1.1.0/src/cypher/transaction.rs:120:17
[INFO] [stdout]     |
[INFO] [stdout] 120 | #[derive(Debug, Deserialize)]
[INFO] [stdout]     |                 ^^^^^^^^^^^ not found in `_serde::__private`
[INFO] [stdout]     |
[INFO] [stdout]     = note: this error originates in a derive macro (in Nightly builds, run with -Z macro-backtrace for more info)
[INFO] [stdout] help: consider importing one of these items
[INFO] [stdout]     |
[INFO] [stdout] 99  | use cypher::json_ser::Formatter;
[INFO] [stdout]     |
[INFO] [stdout] 99  | use serde::export::Formatter;
[INFO] [stdout]     |
[INFO] [stdout] 
[INFO] [stdout] 
[INFO] [stdout] error[E0433]: failed to resolve: could not find `__private` in `_serde`
[INFO] [stdout]    --> /opt/rustwide/cargo-home/registry/src/github.com-1ecc6299db9ec823/rusted_cypher-1.1.0/src/cypher/transaction.rs:120:17
[INFO] [stdout]     |
[INFO] [stdout] 120 | #[derive(Debug, Deserialize)]
[INFO] [stdout]     |                 ^^^^^^^^^^^ not found in `_serde::__private`
[INFO] [stdout]     |
[INFO] [stdout]     = note: this error originates in a derive macro (in Nightly builds, run with -Z macro-backtrace for more info)
[INFO] [stdout] help: consider importing this enum
[INFO] [stdout]     |
[INFO] [stdout] 99  | use serde::export::Option;
[INFO] [stdout]     |
[INFO] [stdout] 
[INFO] [stdout] 
[INFO] [stdout] error[E0433]: failed to resolve: could not find `__private` in `_serde`
[INFO] [stdout]    --> /opt/rustwide/cargo-home/registry/src/github.com-1ecc6299db9ec823/rusted_cypher-1.1.0/src/cypher/transaction.rs:138:10
[INFO] [stdout]     |
[INFO] [stdout] 138 | #[derive(Deserialize)]
[INFO] [stdout]     |          ^^^^^^^^^^^ not found in `_serde::__private`
[INFO] [stdout]     |
[INFO] [stdout]     = note: this error originates in a derive macro (in Nightly builds, run with -Z macro-backtrace for more info)
[INFO] [stdout] help: consider importing one of these items
[INFO] [stdout]     |
[INFO] [stdout] 99  | use cypher::json_ser::Formatter;
[INFO] [stdout]     |
[INFO] [stdout] 99  | use serde::export::Formatter;
[INFO] [stdout]     |
[INFO] [stdout] 
[INFO] [stdout] 
[INFO] [stdout] error[E0433]: failed to resolve: could not find `__private` in `_serde`
[INFO] [stdout]    --> /opt/rustwide/cargo-home/registry/src/github.com-1ecc6299db9ec823/rusted_cypher-1.1.0/src/cypher/transaction.rs:138:10
[INFO] [stdout]     |
[INFO] [stdout] 138 | #[derive(Deserialize)]
[INFO] [stdout]     |          ^^^^^^^^^^^ not found in `_serde::__private`
[INFO] [stdout]     |
[INFO] [stdout]     = note: this error originates in a derive macro (in Nightly builds, run with -Z macro-backtrace for more info)
[INFO] [stdout] help: consider importing this enum
[INFO] [stdout]     |
[INFO] [stdout] 99  | use serde::export::Option;
[INFO] [stdout]     |
[INFO] [stdout] 
[INFO] [stdout] 
[INFO] [stdout] error[E0433]: failed to resolve: could not find `__private` in `_serde`
[INFO] [stdout]   --> /opt/rustwide/cargo-home/registry/src/github.com-1ecc6299db9ec823/rusted_cypher-1.1.0/src/cypher/result.rs:12:17
[INFO] [stdout]    |
[INFO] [stdout] 12 | #[derive(Debug, Deserialize)]
[INFO] [stdout]    |                 ^^^^^^^^^^^ not found in `_serde::__private`
[INFO] [stdout]    |
[INFO] [stdout]    = note: this error originates in a derive macro (in Nightly builds, run with -Z macro-backtrace for more info)
[INFO] [stdout] help: consider importing one of these items
[INFO] [stdout]    |
[INFO] [stdout] 1  | use cypher::json_ser::Formatter;
[INFO] [stdout]    |
[INFO] [stdout] 1  | use serde::export::Formatter;
[INFO] [stdout]    |
[INFO] [stdout] 
[INFO] [stdout] 
[INFO] [stdout] error[E0433]: failed to resolve: could not find `__private` in `_serde`
[INFO] [stdout]   --> /opt/rustwide/cargo-home/registry/src/github.com-1ecc6299db9ec823/rusted_cypher-1.1.0/src/cypher/result.rs:12:17
[INFO] [stdout]    |
[INFO] [stdout] 12 | #[derive(Debug, Deserialize)]
[INFO] [stdout]    |                 ^^^^^^^^^^^ not found in `_serde::__private`
[INFO] [stdout]    |
[INFO] [stdout]    = note: this error originates in a derive macro (in Nightly builds, run with -Z macro-backtrace for more info)
[INFO] [stdout] help: consider importing this enum
[INFO] [stdout]    |
[INFO] [stdout] 1  | use serde::export::Option;
[INFO] [stdout]    |
[INFO] [stdout] 
[INFO] [stdout] 
[INFO] [stdout] error[E0433]: failed to resolve: could not find `__private` in `_serde`
[INFO] [stdout]   --> /opt/rustwide/cargo-home/registry/src/github.com-1ecc6299db9ec823/rusted_cypher-1.1.0/src/cypher/result.rs:29:24
[INFO] [stdout]    |
[INFO] [stdout] 29 | #[derive(Clone, Debug, Deserialize)]
[INFO] [stdout]    |                        ^^^^^^^^^^^ not found in `_serde::__private`
[INFO] [stdout]    |
[INFO] [stdout]    = note: this error originates in a derive macro (in Nightly builds, run with -Z macro-backtrace for more info)
[INFO] [stdout] help: consider importing one of these items
[INFO] [stdout]    |
[INFO] [stdout] 1  | use cypher::json_ser::Formatter;
[INFO] [stdout]    |
[INFO] [stdout] 1  | use serde::export::Formatter;
[INFO] [stdout]    |
[INFO] [stdout] 
[INFO] [stdout] 
[INFO] [stdout] error[E0433]: failed to resolve: could not find `__private` in `_serde`
[INFO] [stdout]   --> /opt/rustwide/cargo-home/registry/src/github.com-1ecc6299db9ec823/rusted_cypher-1.1.0/src/cypher/result.rs:29:24
[INFO] [stdout]    |
[INFO] [stdout] 29 | #[derive(Clone, Debug, Deserialize)]
[INFO] [stdout]    |                        ^^^^^^^^^^^ not found in `_serde::__private`
[INFO] [stdout]    |
[INFO] [stdout]    = note: this error originates in a derive macro (in Nightly builds, run with -Z macro-backtrace for more info)
[INFO] [stdout] help: consider importing this enum
[INFO] [stdout]    |
[INFO] [stdout] 1  | use serde::export::Option;
[INFO] [stdout]    |
[INFO] [stdout] 
[INFO] [stdout] 
[INFO] [stdout] error[E0433]: failed to resolve: could not find `__private` in `_serde`
[INFO] [stdout]   --> /opt/rustwide/cargo-home/registry/src/github.com-1ecc6299db9ec823/rusted_cypher-1.1.0/src/cypher/result.rs:35:24
[INFO] [stdout]    |
[INFO] [stdout] 35 | #[derive(Clone, Debug, Deserialize)]
[INFO] [stdout]    |                        ^^^^^^^^^^^ not found in `_serde::__private`
[INFO] [stdout]    |
[INFO] [stdout]    = note: this error originates in a derive macro (in Nightly builds, run with -Z macro-backtrace for more info)
[INFO] [stdout] help: consider importing one of these items
[INFO] [stdout]    |
[INFO] [stdout] 1  | use cypher::json_ser::Formatter;
[INFO] [stdout]    |
[INFO] [stdout] 1  | use serde::export::Formatter;
[INFO] [stdout]    |
[INFO] [stdout] 
[INFO] [stdout] 
[INFO] [stdout] error[E0433]: failed to resolve: could not find `__private` in `_serde`
[INFO] [stdout]   --> /opt/rustwide/cargo-home/registry/src/github.com-1ecc6299db9ec823/rusted_cypher-1.1.0/src/cypher/result.rs:35:24
[INFO] [stdout]    |
[INFO] [stdout] 35 | #[derive(Clone, Debug, Deserialize)]
[INFO] [stdout]    |                        ^^^^^^^^^^^ not found in `_serde::__private`
[INFO] [stdout]    |
[INFO] [stdout]    = note: this error originates in a derive macro (in Nightly builds, run with -Z macro-backtrace for more info)
[INFO] [stdout] help: consider importing this enum
[INFO] [stdout]    |
[INFO] [stdout] 1  | use serde::export::Option;
[INFO] [stdout]    |
[INFO] [stdout] 
[INFO] [stdout] 
[INFO] [stdout] error[E0433]: failed to resolve: could not find `__private` in `_serde`
[INFO] [stdout]   --> /opt/rustwide/cargo-home/registry/src/github.com-1ecc6299db9ec823/rusted_cypher-1.1.0/src/graph.rs:73:10
[INFO] [stdout]    |
[INFO] [stdout] 73 | #[derive(Deserialize)]
[INFO] [stdout]    |          ^^^^^^^^^^^ not found in `_serde::__private`
[INFO] [stdout]    |
[INFO] [stdout]    = note: this error originates in a derive macro (in Nightly builds, run with -Z macro-backtrace for more info)
[INFO] [stdout] help: consider importing this struct
[INFO] [stdout]    |
[INFO] [stdout] 60 | use serde::export::Formatter;
[INFO] [stdout]    |
[INFO] [stdout] 
[INFO] [stdout] 
[INFO] [stdout] error[E0433]: failed to resolve: could not find `__private` in `_serde`
[INFO] [stdout]   --> /opt/rustwide/cargo-home/registry/src/github.com-1ecc6299db9ec823/rusted_cypher-1.1.0/src/graph.rs:73:10
[INFO] [stdout]    |
[INFO] [stdout] 73 | #[derive(Deserialize)]
[INFO] [stdout]    |          ^^^^^^^^^^^ not found in `_serde::__private`
[INFO] [stdout]    |
[INFO] [stdout]    = note: this error originates in a derive macro (in Nightly builds, run with -Z macro-backtrace for more info)
[INFO] [stdout] help: consider importing this enum
[INFO] [stdout]    |
[INFO] [stdout] 60 | use serde::export::Option;
[INFO] [stdout]    |
[INFO] [stdout] 
[INFO] [stdout] 
[INFO] [stdout] error[E0433]: failed to resolve: could not find `__private` in `_serde`
[INFO] [stdout]   --> /opt/rustwide/cargo-home/registry/src/github.com-1ecc6299db9ec823/rusted_cypher-1.1.0/src/error.rs:12:24
[INFO] [stdout]    |
[INFO] [stdout] 12 | #[derive(Clone, Debug, Deserialize)]
[INFO] [stdout]    |                        ^^^^^^^^^^^ not found in `_serde::__private`
[INFO] [stdout]    |
[INFO] [stdout]    = note: this error originates in a derive macro (in Nightly builds, run with -Z macro-backtrace for more info)
[INFO] [stdout] help: consider importing this struct
[INFO] [stdout]    |
[INFO] [stdout] 3  | use serde::export::Formatter;
[INFO] [stdout]    |
[INFO] [stdout] 
[INFO] [stdout] 
[INFO] [stdout] error[E0433]: failed to resolve: could not find `__private` in `_serde`
[INFO] [stdout]   --> /opt/rustwide/cargo-home/registry/src/github.com-1ecc6299db9ec823/rusted_cypher-1.1.0/src/error.rs:12:24
[INFO] [stdout]    |
[INFO] [stdout] 12 | #[derive(Clone, Debug, Deserialize)]
[INFO] [stdout]    |                        ^^^^^^^^^^^ not found in `_serde::__private`
[INFO] [stdout]    |
[INFO] [stdout]    = note: this error originates in a derive macro (in Nightly builds, run with -Z macro-backtrace for more info)
[INFO] [stdout] help: consider importing this enum
[INFO] [stdout]    |
[INFO] [stdout] 3  | use serde::export::Option;
[INFO] [stdout]    |
[INFO] [stdout] 
[INFO] [stdout] 
[INFO] [stdout] error: aborting due to 152 previous errors
[INFO] [stdout] 
[INFO] [stdout] 
[INFO] [stdout] For more information about this error, try `rustc --explain E0433`.
[INFO] [stdout] 
[INFO] [stderr] error: could not compile `rusted_cypher`
[INFO] [stderr] 
[INFO] [stderr] To learn more, run the command again with --verbose.
[INFO] [stderr] warning: build failed, waiting for other jobs to finish...
[INFO] [stderr] error: build failed
[INFO] running `Command { std: "docker" "inspect" "60c98a479af9a993819f1c1f0280b5fa4039125a1b24bde8d580b60f0a602843", kill_on_drop: false }`
[INFO] running `Command { std: "docker" "rm" "-f" "60c98a479af9a993819f1c1f0280b5fa4039125a1b24bde8d580b60f0a602843", kill_on_drop: false }`
[INFO] [stdout] 60c98a479af9a993819f1c1f0280b5fa4039125a1b24bde8d580b60f0a602843
